-- Table structure for table `xf_style_property_group`
--

CREATE TABLE `xf_style_property_group` (
  `property_group_id` int(10) UNSIGNED NOT NULL,
  `group_name` varbinary(50) NOT NULL,
  `style_id` int(10) UNSIGNED NOT NULL,
  `title` varchar(100) NOT NULL,
  `description` varchar(255) NOT NULL DEFAULT '',
  `display_order` int(10) UNSIGNED NOT NULL DEFAULT 0,
  `addon_id` varbinary(50) NOT NULL
) ENGINE=InnoDB DEFAULT CHARSET=utf8mb4 COLLATE=utf8mb4_general_ci;

--
-- Dumping data for table `xf_style_property_group`
--

INSERT INTO `xf_style_property_group` (`property_group_id`, `group_name`, `style_id`, `title`, `description`, `display_order`, `addon_id`) VALUES
(1, 0x617661746172, 0, 'Avatars', 'Avatars are graphical representations of users. Some users may upload their own images, while others will use the default letter-based imagery. Styling for both of these types is controlled here.', 1400, 0x5846),
(2, 0x6261736963, 0, 'Basic options', 'Defines the location of various commonly-used assets etc.', 300, 0x5846),
(3, 0x6262436f6465, 0, 'BB code elements', 'This section contains properties and options relating to BB codes used to style messages and other user-generated content.', 2300, 0x5846),
(4, 0x626c6f636b, 0, 'Blocks', 'Most content within XenForo is presented within a structure of \'blocks\', which wrap content in a collection of HTML boxes, allowing very flexible styling. Settings controlling those boxes are located here.', 1000, 0x5846),
(5, 0x626f7264657253706163696e67, 0, 'Borders and spacing', 'Settings controlling the thickness and color of structural borders, as well as global settings for element spacing and padding.', 500, 0x5846),
(6, 0x627574746f6e, 0, 'Buttons', 'Various text-button types are in use within XenForo but all share common styling properties, which are located here.', 1500, 0x5846),
(7, 0x636f6c6f72, 0, 'Basic colors', 'These settings define the colors that will be used throughout the system for specific content or structure types. For consistency and ease of editing, the colors used should come primarily from the Color Palette.', 200, 0x5846),
(8, 0x636f6e74656e74, 0, 'Content areas', 'The styling for content areas, namely those areas on which dynamic information is presented, is controlled here.', 900, 0x5846),
(9, 0x646174614c697374, 0, 'Data lists', 'Data lists are used to display content organized into rows and columns (tabular content).', 2500, 0x5846),
(10, 0x656d61696c, 0, 'Emails', 'Basic settings for HTML email styling are included here.', 2700, 0x5846),
(11, 0x666f6e7473, 0, 'Typography', 'Settings controlling the style and size of text within the system.', 400, 0x5846),
(12, 0x666f6f746572, 0, 'Footer', 'The lower elements of public-facing pages are controlled here, including the footer background and text styling.', 800, 0x5846),
(13, 0x666f726d, 0, 'Forms', 'Styling for form structural elements, such as form headers, label columns etc., as well as dimensions for elements within differing viewport sizes, are housed here.', 1600, 0x5846),
(14, 0x6865616465724e6176, 0, 'Header and navigation', 'The upper elements of public-facing pages are controlled with these settings, including navigation tabs and the header logo.', 700, 0x5846),
(15, 0x696e6c696e654d6f64, 0, 'Inline moderation', 'Inline moderation allows moderators to take actions against multiple pieces of content simultaneously. It may also be exposed to members via systems like conversations.', 2400, 0x5846),
(16, 0x696e707574, 0, 'Inputs', 'Individual form controls - primarily text boxes, are styled here, including focused and disabled variants.', 1700, 0x5846),
(17, 0x6d656d626572, 0, 'Member profiles', 'Elements for the special page on which the full information for a user is displayed are styled here.', 2300, 0x5846),
(18, 0x6d656e75, 0, 'Popup menus', 'Most popup menus within the system share common styling attributes, which are located here.', 1200, 0x5846),
(19, 0x6d657373616765, 0, 'Messages', 'The various elements that combine to form the main message block, including the message itself, the user info block and the signature, are controlled here.', 2100, 0x5846),
(20, 0x6d697363, 0, 'Miscellaneous', 'Various settings that don\'t fit elsewhere are included here, including badges, chips and animation parameters.', 2600, 0x5846),
(21, 0x6e6f64654c697374, 0, 'Node/forum list', 'Specific styling elements for the hierarchical list of forums, pages etc. are included here.', 2000, 0x5846),
(22, 0x6f7665726c6179, 0, 'Overlays', 'Common styling controls for the various overlays (windows of content that open over the top of the rest of the page) are found here.', 1900, 0x5846),
(23, 0x70616765, 0, 'Page setup', 'Settings related to the layout of pages and how they respond to different viewport sizes. Also styling for some universal elements.', 600, 0x5846),
(24, 0x706167654e6176, 0, 'Page numbers', 'Controls the appearance of controls used to jump to numbered pages.', 1550, 0x5846),
(25, 0x70616c65747465, 0, 'Color palette', 'This defines the base set of colors that your site will use. Specific usages of these colors can be defined within individual groups.', 100, 0x5846),
(26, 0x727465, 0, 'Rich text editor', 'The rich text (or WYSIWYG) editor is the preferred method of entering text for messages posted to the forum. Various parts of the editor can be styled with the settings in this group.', 1800, 0x5846),
(27, 0x746162, 0, 'Tabs', 'Standalone tabs - those that are not part of the main page navigation, are controlled here.', 1200, 0x5846),
(28, 0x746f6f6c746970, 0, 'Tooltips', 'Tooltips are (usually) small hints that appear when the mouse pointer hovers over page elements that may require additional information to convey their purpose or content.', 1300, 0x5846);

-- --------------------------------------------------------

--
-- Table structure for table `xf_style_property_map`
--

CREATE TABLE `xf_style_property_map` (
  `property_map_id` int(10) UNSIGNED NOT NULL,
  `style_id` int(10) UNSIGNED NOT NULL,
  `property_name` varbinary(50) NOT NULL,
  `property_id` int(10) UNSIGNED NOT NULL,
  `parent_property_id` int(10) UNSIGNED DEFAULT NULL
) ENGINE=InnoDB DEFAULT CHARSET=utf8mb4 COLLATE=utf8mb4_general_ci;

--
-- Dumping data for table `xf_style_property_map`
--

INSERT INTO `xf_style_property_map` (`property_map_id`, `style_id`, `property_name`, `property_id`, `parent_property_id`) VALUES
(569, 0, 0x616e696d6174696f6e5370656564, 1, NULL),
(570, 0, 0x6176617461724267, 2, NULL),
(571, 0, 0x617661746172426f72646572526164697573, 3, NULL),
(572, 0, 0x61766174617244656661756c74496d616765, 4, NULL),
(573, 0, 0x61766174617244656661756c7454657874436f6e74656e74, 5, NULL),
(574, 0, 0x61766174617244656661756c7454797065, 6, NULL),
(575, 0, 0x61766174617244796e616d6963466f6e74, 7, NULL),
(576, 0, 0x61766174617244796e616d69634c696e65486569676874, 8, NULL),
(577, 0, 0x61766174617244796e616d69635465787450657263656e74, 9, NULL),
(578, 0, 0x6261646765, 10, NULL),
(579, 0, 0x6261646765486967686c696768746564, 11, NULL),
(580, 0, 0x6262436f6465426c6f636b, 12, NULL),
(581, 0, 0x6262436f6465426c6f636b457870616e64486569676874, 13, NULL),
(582, 0, 0x6262436f6465426c6f636b5469746c65, 14, NULL),
(583, 0, 0x6262436f6465496d67466c6f61744d617267696e, 15, NULL),
(584, 0, 0x6262436f6465496d67466c6f61744d617267696e4166746572, 16, NULL),
(585, 0, 0x6262436f6465496d674c61726765, 17, NULL),
(586, 0, 0x6262436f6465496d674d656469756d, 18, NULL),
(587, 0, 0x6262436f6465496d67536d616c6c, 19, NULL),
(588, 0, 0x6262436f6465496e6c696e65436f6465, 20, NULL),
(589, 0, 0x626c6f636b426f72646572, 21, NULL),
(590, 0, 0x626c6f636b426f72646572526164697573, 22, NULL),
(591, 0, 0x626c6f636b46696c746572426172, 23, NULL),
(592, 0, 0x626c6f636b466f6f746572, 24, NULL),
(593, 0, 0x626c6f636b466f6f7465724267, 25, NULL),
(594, 0, 0x626c6f636b466f6f74657254657874436f6c6f72, 26, NULL),
(595, 0, 0x626c6f636b486561646572, 27, NULL),
(596, 0, 0x626c6f636b4c696e6b, 28, NULL),
(597, 0, 0x626c6f636b4c696e6b53656c6563746564, 29, NULL),
(598, 0, 0x626c6f636b4d696e6f72486561646572, 30, NULL),
(599, 0, 0x626c6f636b4d696e6f72546162486561646572, 31, NULL),
(600, 0, 0x626c6f636b4d696e6f7254616248656164657253656c6563746564, 32, NULL),
(601, 0, 0x626c6f636b50616464696e6748, 33, NULL),
(602, 0, 0x626c6f636b50616464696e6756, 34, NULL),
(603, 0, 0x626c6f636b546162486561646572, 35, NULL),
(604, 0, 0x626c6f636b5461624865616465724267, 36, NULL),
(605, 0, 0x626c6f636b54616248656164657253656c6563746564, 37, NULL),
(606, 0, 0x626c6f636b54616248656164657254657874436f6c6f72, 38, NULL),
(607, 0, 0x626c6f636b54657874486561646572, 39, NULL),
(608, 0, 0x626f72646572436f6c6f72, 40, NULL),
(609, 0, 0x626f72646572436f6c6f72416363656e74436f6e74656e74, 41, NULL),
(610, 0, 0x626f72646572436f6c6f72417474656e74696f6e, 42, NULL),
(611, 0, 0x626f72646572436f6c6f724661696e74, 43, NULL),
(612, 0, 0x626f72646572436f6c6f7246656174757265, 44, NULL),
(613, 0, 0x626f72646572436f6c6f724865617679, 45, NULL),
(614, 0, 0x626f72646572436f6c6f72486967686c69676874, 46, NULL),
(615, 0, 0x626f72646572436f6c6f724c69676874, 47, NULL),
(616, 0, 0x626f726465725261646975734c61726765, 48, NULL),
(617, 0, 0x626f726465725261646975734d656469756d, 49, NULL),
(618, 0, 0x626f72646572526164697573536d616c6c, 50, NULL),
(619, 0, 0x626f7264657253697a65, 51, NULL),
(620, 0, 0x626f7264657253697a6546656174757265, 52, NULL),
(621, 0, 0x626f7264657253697a654d696e6f7246656174757265, 53, NULL),
(622, 0, 0x627574746f6e42617365, 54, NULL),
(623, 0, 0x627574746f6e4267, 55, NULL),
(624, 0, 0x627574746f6e437461, 56, NULL),
(625, 0, 0x627574746f6e4374614267, 57, NULL),
(626, 0, 0x627574746f6e44656661756c74, 58, NULL),
(627, 0, 0x627574746f6e44697361626c6564, 59, NULL),
(628, 0, 0x627574746f6e5072696d617279, 60, NULL),
(629, 0, 0x627574746f6e5072696d6172794267, 61, NULL),
(630, 0, 0x627574746f6e54657874436f6c6f72, 62, NULL),
(631, 0, 0x63686970, 63, NULL),
(632, 0, 0x63686970486f766572, 64, NULL),
(633, 0, 0x6368726f6d654267, 65, NULL),
(634, 0, 0x6368726f6d6554657874436f6c6f72, 66, NULL),
(635, 0, 0x636f6e74656e74416363656e7442617365, 67, NULL),
(636, 0, 0x636f6e74656e74416363656e744267, 68, NULL),
(637, 0, 0x636f6e74656e74416363656e744c696e6b, 69, NULL),
(638, 0, 0x636f6e74656e74416c7442617365, 70, NULL),
(639, 0, 0x636f6e74656e74416c744267, 71, NULL),
(640, 0, 0x636f6e74656e7442617365, 72, NULL),
(641, 0, 0x636f6e74656e744267, 73, NULL),
(642, 0, 0x636f6e74656e74486967686c6967687442617365, 74, NULL),
(643, 0, 0x636f6e74656e74486967686c696768744267, 75, NULL),
(644, 0, 0x646174614c697374466f6f746572, 76, NULL),
(645, 0, 0x646174614c697374486561646572, 77, NULL),
(646, 0, 0x646174614c69737450616464696e6748, 78, NULL),
(647, 0, 0x646174614c69737450616464696e6756, 79, NULL),
(648, 0, 0x646174614c69737453656374696f6e, 80, NULL),
(649, 0, 0x656469746f724267, 81, NULL),
(650, 0, 0x656469746f72427574746f6e416374697665436f6c6f72, 82, NULL),
(651, 0, 0x656469746f72427574746f6e436f6c6f72, 83, NULL),
(652, 0, 0x656469746f72427574746f6e44697361626c6564436f6c6f72, 84, NULL),
(653, 0, 0x656469746f72427574746f6e486f7665724267, 85, NULL),
(654, 0, 0x656469746f72427574746f6e486f766572436f6c6f72, 86, NULL),
(655, 0, 0x656469746f72427574746f6e53656c65637465644267, 87, NULL),
(656, 0, 0x656469746f72427574746f6e53697a65, 88, NULL),
(657, 0, 0x656469746f72436f6c6f72, 89, NULL),
(658, 0, 0x656469746f72466f6375734267, 90, NULL),
(659, 0, 0x656469746f72466f637573436f6c6f72, 91, NULL),
(660, 0, 0x656469746f72496d61676548616e646c6573, 92, NULL),
(661, 0, 0x656469746f7253656c656374696f6e4267, 93, NULL),
(662, 0, 0x656469746f7253656c656374696f6e436f6c6f72, 94, NULL),
(663, 0, 0x656469746f72546f6f6c734267, 95, NULL),
(664, 0, 0x656469746f72546f6f6c73466f6375734267, 96, NULL),
(665, 0, 0x656469746f72546f6f6c734f766572666c6f774267, 97, NULL),
(666, 0, 0x656c656d656e74537061636572, 98, NULL),
(667, 0, 0x656d61696c4267, 99, NULL),
(668, 0, 0x656d61696c426f72646572436f6c6f72, 100, NULL),
(669, 0, 0x656d61696c436f6e74656e74416c744267, 101, NULL),
(670, 0, 0x656d61696c436f6e74656e744267, 102, NULL),
(671, 0, 0x656d61696c466f6e74, 103, NULL),
(672, 0, 0x656d61696c486561646572436f6c6f72, 104, NULL),
(673, 0, 0x656d61696c4c696e6b436f6c6f72, 105, NULL),
(674, 0, 0x656d61696c5075626c69634c6f676f55726c, 106, NULL),
(675, 0, 0x656d61696c54657874436f6c6f72, 107, NULL),
(676, 0, 0x656d61696c54657874436f6c6f724d75746564, 108, NULL),
(677, 0, 0x6572726f724267, 109, NULL),
(678, 0, 0x6572726f72436f6c6f72, 110, NULL),
(679, 0, 0x6572726f7246656174757265436f6c6f72, 111, NULL),
(680, 0, 0x66696e64546872656164734e61765374796c65, 112, NULL),
(681, 0, 0x66697865644d657373616765, 113, NULL),
(682, 0, 0x666c6173684d657373616765, 114, NULL),
(683, 0, 0x666f6e74417765736f6d65576569676874, 115, NULL),
(684, 0, 0x666f6e7446616d696c79426f6479, 116, NULL),
(685, 0, 0x666f6e7446616d696c79436f6465, 117, NULL),
(686, 0, 0x666f6e7446616d696c795569, 118, NULL),
(687, 0, 0x666f6e7453697a654c61726765, 119, NULL),
(688, 0, 0x666f6e7453697a654c6172676572, 120, NULL),
(689, 0, 0x666f6e7453697a654c617267657374, 121, NULL),
(690, 0, 0x666f6e7453697a654e6f726d616c, 122, NULL),
(691, 0, 0x666f6e7453697a65536d616c6c, 123, NULL),
(692, 0, 0x666f6e7453697a65536d616c6c6572, 124, NULL),
(693, 0, 0x666f6e7453697a65536d616c6c657374, 125, NULL),
(694, 0, 0x666f6e745765696768744865617679, 126, NULL),
(695, 0, 0x666f6e745765696768744c69676874, 127, NULL),
(696, 0, 0x666f6e745765696768744e6f726d616c, 128, NULL),
(697, 0, 0x666f726d4578706c61696e, 129, NULL),
(698, 0, 0x666f726d48696e74, 130, NULL),
(699, 0, 0x666f726d4c6162656c, 131, NULL),
(700, 0, 0x666f726d4c6162656c5769647468, 132, NULL),
(701, 0, 0x666f726d526573706f6e73697665, 133, NULL),
(702, 0, 0x666f726d526f7750616464696e6748496e6e6572, 134, NULL),
(703, 0, 0x666f726d526f7750616464696e67484f75746572, 135, NULL),
(704, 0, 0x666f726d526f7750616464696e6756, 136, NULL),
(705, 0, 0x666f726d53656374696f6e486561646572, 137, NULL),
(706, 0, 0x666f726d5375626d6974526f77, 138, NULL),
(707, 0, 0x666f726d5375626d6974537469636b79, 139, NULL),
(708, 0, 0x676c6f62616c416374696f6e436f6c6f72, 140, NULL),
(709, 0, 0x696e6c696e654d6f64426172, 141, NULL),
(710, 0, 0x696e6c696e654d6f64486967686c69676874436f6c6f72, 142, NULL),
(711, 0, 0x696e707574, 143, NULL),
(712, 0, 0x696e7075744267436f6c6f72, 144, NULL),
(713, 0, 0x696e70757444697361626c6564, 145, NULL),
(714, 0, 0x696e707574466f637573, 146, NULL),
(715, 0, 0x696e707574466f6375734267436f6c6f72, 147, NULL),
(716, 0, 0x696e70757454657874436f6c6f72, 148, NULL),
(717, 0, 0x6c696e6548656967687444656661756c74, 149, NULL),
(718, 0, 0x6c696e6b, 150, NULL),
(719, 0, 0x6c696e6b436f6c6f72, 151, NULL),
(720, 0, 0x6c696e6b486f766572, 152, NULL),
(721, 0, 0x6c696e6b486f766572436f6c6f72, 153, NULL),
(722, 0, 0x6c696e6b556763436f6c6f72, 154, NULL),
(723, 0, 0x6c696e6b556763486f766572436f6c6f72, 155, NULL),
(724, 0, 0x6d616a6f7248656164696e674267, 156, NULL),
(725, 0, 0x6d616a6f7248656164696e6754657874436f6c6f72, 157, NULL),
(726, 0, 0x6d656d626572486561646572, 158, NULL),
(727, 0, 0x6d656d626572486561646572426c757262436f6e7461696e657242616e6e6572, 159, NULL),
(728, 0, 0x6d656d6265724865616465724e616d65, 160, NULL),
(729, 0, 0x6d656d6265724865616465724e616d6542616e6e6572, 161, NULL),
(730, 0, 0x6d656d626572546f6f6c746970426c757262436f6e7461696e657242616e6e6572, 162, NULL),
(731, 0, 0x6d656d626572546f6f6c746970486561646572, 163, NULL),
(732, 0, 0x6d656d626572546f6f6c7469704e616d65, 164, NULL),
(733, 0, 0x6d656d626572546f6f6c7469704e616d6542616e6e6572, 165, NULL),
(734, 0, 0x6d656e75, 166, NULL),
(735, 0, 0x6d656e75426f72646572526164697573, 167, NULL),
(736, 0, 0x6d656e7546656174757265426f72646572436f6c6f72, 168, NULL),
(737, 0, 0x6d656e75466f6f746572, 169, NULL),
(738, 0, 0x6d656e75486561646572, 170, NULL),
(739, 0, 0x6d656e754c696e6b526f77, 171, NULL),
(740, 0, 0x6d656e754c696e6b526f7753656c6563746564, 172, NULL),
(741, 0, 0x6d656e75546162486561646572, 173, NULL),
(742, 0, 0x6d656e7554616248656164657253656c6563746564, 174, NULL),
(743, 0, 0x6d6573736167654e6577496e64696361746f72, 175, NULL),
(744, 0, 0x6d65737361676550616464696e67, 176, NULL),
(745, 0, 0x6d65737361676550616464696e67536d616c6c, 177, NULL),
(746, 0, 0x6d6573736167655369676e6174757265, 178, NULL),
(747, 0, 0x6d65737361676553696e676c65436f6c756d6e5769647468, 179, NULL),
(748, 0, 0x6d65737361676555736572426c6f636b, 180, NULL),
(749, 0, 0x6d65737361676555736572426c6f636b5769647468, 181, NULL),
(750, 0, 0x6d65737361676555736572456c656d656e7473, 182, NULL),
(751, 0, 0x6d6574615468656d65436f6c6f72, 183, NULL),
(752, 0, 0x6d696e6f72426c6f636b436f6e74656e74, 184, NULL),
(753, 0, 0x6d696e6f7248656164696e6754657874436f6c6f72, 185, NULL),
(754, 0, 0x6e6f646549636f6e52656164436f6c6f72, 186, NULL),
(755, 0, 0x6e6f646549636f6e556e72656164436f6c6f72, 187, NULL),
(756, 0, 0x6e6f64654c6973744465736372697074696f6e446973706c6179, 188, NULL),
(757, 0, 0x6e6f64654c697374537562446973706c6179, 189, NULL),
(758, 0, 0x6e6f746963655363726f6c6c496e74657276616c, 190, NULL),
(759, 0, 0x6f7665726c6179486561646572, 191, NULL),
(760, 0, 0x6f7665726c61794d61736b426c7572, 192, NULL),
(761, 0, 0x6f7665726c61794d61736b436f6c6f72, 193, NULL),
(762, 0, 0x6f7665726c6179546f704d617267696e, 194, NULL),
(763, 0, 0x70616464696e674c61726765, 195, NULL),
(764, 0, 0x70616464696e674c617267657374, 196, NULL),
(765, 0, 0x70616464696e674d656469756d, 197, NULL),
(766, 0, 0x70616464696e67536d616c6c, 198, NULL),
(767, 0, 0x706167654261636b67726f756e64, 199, NULL),
(768, 0, 0x706167654267, 200, NULL),
(769, 0, 0x7061676545646765537061636572, 201, NULL),
(770, 0, 0x706167654e617642617365, 202, NULL),
(771, 0, 0x706167654e617643757272656e74, 203, NULL),
(772, 0, 0x706167654e61765374796c65, 204, NULL),
(773, 0, 0x7061676557696474684d6178, 205, NULL),
(774, 0, 0x70616c65747465416363656e7431, 206, NULL),
(775, 0, 0x70616c65747465416363656e7432, 207, NULL),
(776, 0, 0x70616c65747465416363656e7433, 208, NULL),
(777, 0, 0x70616c65747465436f6c6f7231, 209, NULL),
(778, 0, 0x70616c65747465436f6c6f7232, 210, NULL),
(779, 0, 0x70616c65747465436f6c6f7233, 211, NULL),
(780, 0, 0x70616c65747465436f6c6f7234, 212, NULL),
(781, 0, 0x70616c65747465436f6c6f7235, 213, NULL),
(782, 0, 0x70616c657474654e65757472616c31, 214, NULL),
(783, 0, 0x70616c657474654e65757472616c32, 215, NULL),
(784, 0, 0x70616c657474654e65757472616c33, 216, NULL),
(785, 0, 0x70726f66696c65506f7374436f6d6d656e74546f67676c65, 217, NULL),
(786, 0, 0x70726f6772657373426172436f6c6f72, 218, NULL),
(787, 0, 0x7075626c696346617669636f6e55726c, 219, NULL),
(788, 0, 0x7075626c6963466f6f746572, 220, NULL),
(789, 0, 0x7075626c6963466f6f7465724c696e6b, 221, NULL),
(790, 0, 0x7075626c6963486561646572, 222, NULL),
(791, 0, 0x7075626c696348656164657241646a757374436f6c6f72, 223, NULL),
(792, 0, 0x7075626c696349636f6e55726c, 224, NULL),
(793, 0, 0x7075626c696349636f6e55726c4c61726765, 225, NULL),
(794, 0, 0x7075626c696349636f6e734d61736b61626c65, 226, NULL),
(797, 0, 0x7075626c69634c6f676f55726c3278, 229, NULL),
(799, 0, 0x7075626c69634d657461646174614c6f676f55726c, 231, NULL),
(800, 0, 0x7075626c69634e6176, 232, NULL),
(801, 0, 0x7075626c69634e6176436f6c6c617073655769647468, 233, NULL),
(802, 0, 0x7075626c69634e617650616464696e6748, 234, NULL),
(803, 0, 0x7075626c69634e617650616464696e6756, 235, NULL),
(804, 0, 0x7075626c69634e617653656c6563746564, 236, NULL),
(805, 0, 0x7075626c69634e6176537469636b79, 237, NULL),
(806, 0, 0x7075626c69634e6176546162, 238, NULL),
(807, 0, 0x7075626c69634e6176546162486f766572, 239, NULL),
(808, 0, 0x7075626c69634e61765461624d656e754f70656e, 240, NULL),
(809, 0, 0x7075626c696350757368426164676555726c, 241, NULL),
(810, 0, 0x7075626c6963507761496e7374616c6c566964656f55726c, 242, NULL),
(811, 0, 0x7075626c69635374616666426172, 243, NULL),
(812, 0, 0x7075626c69635375624e6176, 244, NULL),
(813, 0, 0x7075626c69635375624e6176456c486f766572, 245, NULL),
(814, 0, 0x7075626c69635375624e6176456c4d656e754f70656e, 246, NULL),
(815, 0, 0x7075626c69635375624e617650616464696e6748, 247, NULL),
(816, 0, 0x7075626c69635375624e617650616464696e6756, 248, NULL),
(817, 0, 0x7265616374696f6e53756d6d6172794f6e4c69737473, 249, NULL),
(818, 0, 0x726573706f6e736976654564676553706163657252656d6f76616c, 250, NULL),
(819, 0, 0x726573706f6e736976654d656469756d, 251, NULL),
(820, 0, 0x726573706f6e736976654e6172726f77, 252, NULL),
(821, 0, 0x726573706f6e7369766557696465, 253, NULL),
(822, 0, 0x7363726f6c6c4a756d70427574746f6e73, 254, NULL),
(823, 0, 0x73656c65637465644974656d4267436f6c6f72, 255, NULL),
(824, 0, 0x73656c65637465644974656d426f72646572436f6c6f72, 256, NULL),
(825, 0, 0x73656c65637465644974656d436f6c6f72, 257, NULL),
(826, 0, 0x73696465626172537061636572, 258, NULL),
(827, 0, 0x736964656261725769647468, 259, NULL),
(828, 0, 0x7374616e64616c6f6e65546162, 260, NULL),
(829, 0, 0x7374616e64616c6f6e6554616253656c6563746564, 261, NULL),
(830, 0, 0x73746172456d707479436f6c6f72, 262, NULL),
(831, 0, 0x7374617246756c6c436f6c6f72, 263, NULL),
(832, 0, 0x7374796c6554797065, 264, NULL),
(833, 0, 0x7375624e61764267, 265, NULL),
(834, 0, 0x7375624e617654657874436f6c6f72, 266, NULL),
(835, 0, 0x737563636573734267, 267, NULL),
(836, 0, 0x73756363657373436f6c6f72, 268, NULL),
(837, 0, 0x7375636365737346656174757265436f6c6f72, 269, NULL),
(838, 0, 0x74657874436f6c6f72, 270, NULL),
(839, 0, 0x74657874436f6c6f72416363656e74436f6e74656e74, 271, NULL),
(840, 0, 0x74657874436f6c6f72417474656e74696f6e, 272, NULL),
(841, 0, 0x74657874436f6c6f7244696d6d6564, 273, NULL),
(842, 0, 0x74657874436f6c6f72456d70686173697a6564, 274, NULL),
(843, 0, 0x74657874436f6c6f7246656174757265, 275, NULL),
(844, 0, 0x74657874436f6c6f724d75746564, 276, NULL),
(845, 0, 0x746f6f6c746970, 277, NULL),
(846, 0, 0x766f74654e65676174697665436f6c6f72, 278, NULL),
(847, 0, 0x766f7465506f736974697665436f6c6f72, 279, NULL),
(848, 0, 0x7761726e696e674267, 280, NULL),
(849, 0, 0x7761726e696e67436f6c6f72, 281, NULL),
(850, 0, 0x7761726e696e6746656174757265436f6c6f72, 282, NULL),
(851, 0, 0x77686174734e65774e61765374796c65, 283, NULL),
(852, 0, 0x7a496e6465784d756c7469706c696572, 284, NULL),
(853, 1, 0x616e696d6174696f6e5370656564, 1, NULL),
(854, 1, 0x6176617461724267, 2, NULL),
(855, 1, 0x617661746172426f72646572526164697573, 3, NULL),
(856, 1, 0x61766174617244656661756c74496d616765, 4, NULL),
(857, 1, 0x61766174617244656661756c7454657874436f6e74656e74, 5, NULL),
(858, 1, 0x61766174617244656661756c7454797065, 6, NULL),
(859, 1, 0x61766174617244796e616d6963466f6e74, 7, NULL),
(860, 1, 0x61766174617244796e616d69634c696e65486569676874, 8, NULL),
(861, 1, 0x61766174617244796e616d69635465787450657263656e74, 9, NULL),
(862, 1, 0x6261646765, 10, NULL),
(863, 1, 0x6261646765486967686c696768746564, 11, NULL),
(864, 1, 0x6262436f6465426c6f636b, 12, NULL),
(865, 1, 0x6262436f6465426c6f636b457870616e64486569676874, 13, NULL),
(866, 1, 0x6262436f6465426c6f636b5469746c65, 14, NULL),
(867, 1, 0x6262436f6465496d67466c6f61744d617267696e, 15, NULL),
(868, 1, 0x6262436f6465496d67466c6f61744d617267696e4166746572, 16, NULL),
(869, 1, 0x6262436f6465496d674c61726765, 17, NULL),
(870, 1, 0x6262436f6465496d674d656469756d, 18, NULL),
(871, 1, 0x6262436f6465496d67536d616c6c, 19, NULL),
(872, 1, 0x6262436f6465496e6c696e65436f6465, 20, NULL),
(873, 1, 0x626c6f636b426f72646572, 21, NULL),
(874, 1, 0x626c6f636b426f72646572526164697573, 22, NULL),
(875, 1, 0x626c6f636b46696c746572426172, 23, NULL),
(876, 1, 0x626c6f636b466f6f746572, 24, NULL),
(877, 1, 0x626c6f636b466f6f7465724267, 25, NULL),
(878, 1, 0x626c6f636b466f6f74657254657874436f6c6f72, 26, NULL),
(879, 1, 0x626c6f636b486561646572, 27, NULL),
(880, 1, 0x626c6f636b4c696e6b, 28, NULL),
(881, 1, 0x626c6f636b4c696e6b53656c6563746564, 29, NULL),
(882, 1, 0x626c6f636b4d696e6f72486561646572, 30, NULL),
(883, 1, 0x626c6f636b4d696e6f72546162486561646572, 31, NULL),
(884, 1, 0x626c6f636b4d696e6f7254616248656164657253656c6563746564, 32, NULL),
(885, 1, 0x626c6f636b50616464696e6748, 33, NULL),
(886, 1, 0x626c6f636b50616464696e6756, 34, NULL),
(887, 1, 0x626c6f636b546162486561646572, 35, NULL),
(888, 1, 0x626c6f636b5461624865616465724267, 36, NULL),
(889, 1, 0x626c6f636b54616248656164657253656c6563746564, 37, NULL),
(890, 1, 0x626c6f636b54616248656164657254657874436f6c6f72, 38, NULL),
(891, 1, 0x626c6f636b54657874486561646572, 39, NULL),
(892, 1, 0x626f72646572436f6c6f72, 40, NULL),
(893, 1, 0x626f72646572436f6c6f72416363656e74436f6e74656e74, 41, NULL),
(894, 1, 0x626f72646572436f6c6f72417474656e74696f6e, 42, NULL),
(895, 1, 0x626f72646572436f6c6f724661696e74, 43, NULL),
(896, 1, 0x626f72646572436f6c6f7246656174757265, 44, NULL),
(897, 1, 0x626f72646572436f6c6f724865617679, 45, NULL),
(898, 1, 0x626f72646572436f6c6f72486967686c69676874, 46, NULL),
(899, 1, 0x626f72646572436f6c6f724c69676874, 47, NULL),
(900, 1, 0x626f726465725261646975734c61726765, 48, NULL),
(901, 1, 0x626f726465725261646975734d656469756d, 49, NULL),
(902, 1, 0x626f72646572526164697573536d616c6c, 50, NULL),
(903, 1, 0x626f7264657253697a65, 51, NULL),
(904, 1, 0x626f7264657253697a6546656174757265, 52, NULL),
(905, 1, 0x626f7264657253697a654d696e6f7246656174757265, 53, NULL),
(906, 1, 0x627574746f6e42617365, 54, NULL),
(907, 1, 0x627574746f6e4267, 55, NULL),
(908, 1, 0x627574746f6e437461, 56, NULL),
(909, 1, 0x627574746f6e4374614267, 57, NULL),
(910, 1, 0x627574746f6e44656661756c74, 58, NULL),
(911, 1, 0x627574746f6e44697361626c6564, 59, NULL),
(912, 1, 0x627574746f6e5072696d617279, 60, NULL),
(913, 1, 0x627574746f6e5072696d6172794267, 61, NULL),
(914, 1, 0x627574746f6e54657874436f6c6f72, 62, NULL),
(915, 1, 0x63686970, 63, NULL),
(916, 1, 0x63686970486f766572, 64, NULL),
(917, 1, 0x6368726f6d654267, 65, NULL),
(918, 1, 0x6368726f6d6554657874436f6c6f72, 66, NULL),
(919, 1, 0x636f6e74656e74416363656e7442617365, 67, NULL),
(920, 1, 0x636f6e74656e74416363656e744267, 68, NULL),
(921, 1, 0x636f6e74656e74416363656e744c696e6b, 69, NULL),
(922, 1, 0x636f6e74656e74416c7442617365, 70, NULL),
(923, 1, 0x636f6e74656e74416c744267, 71, NULL),
(924, 1, 0x636f6e74656e7442617365, 72, NULL),
(925, 1, 0x636f6e74656e744267, 73, NULL),
(926, 1, 0x636f6e74656e74486967686c6967687442617365, 74, NULL),
(927, 1, 0x636f6e74656e74486967686c696768744267, 75, NULL),
(928, 1, 0x646174614c697374466f6f746572, 76, NULL),
(929, 1, 0x646174614c697374486561646572, 77, NULL),
(930, 1, 0x646174614c69737450616464696e6748, 78, NULL),
(931, 1, 0x646174614c69737450616464696e6756, 79, NULL),
(932, 1, 0x646174614c69737453656374696f6e, 80, NULL),
(933, 1, 0x656469746f724267, 81, NULL),
(934, 1, 0x656469746f72427574746f6e416374697665436f6c6f72, 82, NULL),
(935, 1, 0x656469746f72427574746f6e436f6c6f72, 83, NULL),
(936, 1, 0x656469746f72427574746f6e44697361626c6564436f6c6f72, 84, NULL),
(937, 1, 0x656469746f72427574746f6e486f7665724267, 85, NULL),
(938, 1, 0x656469746f72427574746f6e486f766572436f6c6f72, 86, NULL),
(939, 1, 0x656469746f72427574746f6e53656c65637465644267, 87, NULL),
(940, 1, 0x656469746f72427574746f6e53697a65, 88, NULL),
(941, 1, 0x656469746f72436f6c6f72, 89, NULL),
(942, 1, 0x656469746f72466f6375734267, 90, NULL),
(943, 1, 0x656469746f72466f637573436f6c6f72, 91, NULL),
(944, 1, 0x656469746f72496d61676548616e646c6573, 92, NULL),
(945, 1, 0x656469746f7253656c656374696f6e4267, 93, NULL),
(946, 1, 0x656469746f7253656c656374696f6e436f6c6f72, 94, NULL),
(947, 1, 0x656469746f72546f6f6c734267, 95, NULL),
(948, 1, 0x656469746f72546f6f6c73466f6375734267, 96, NULL),
(949, 1, 0x656469746f72546f6f6c734f766572666c6f774267, 97, NULL),
(950, 1, 0x656c656d656e74537061636572, 98, NULL),
(951, 1, 0x656d61696c4267, 99, NULL),
(952, 1, 0x656d61696c426f72646572436f6c6f72, 100, NULL),
(953, 1, 0x656d61696c436f6e74656e74416c744267, 101, NULL),
(954, 1, 0x656d61696c436f6e74656e744267, 102, NULL),
(955, 1, 0x656d61696c466f6e74, 103, NULL),
(956, 1, 0x656d61696c486561646572436f6c6f72, 104, NULL),
(957, 1, 0x656d61696c4c696e6b436f6c6f72, 105, NULL),
(958, 1, 0x656d61696c5075626c69634c6f676f55726c, 106, NULL),
(959, 1, 0x656d61696c54657874436f6c6f72, 107, NULL),
(960, 1, 0x656d61696c54657874436f6c6f724d75746564, 108, NULL),
(961, 1, 0x6572726f724267, 109, NULL),
(962, 1, 0x6572726f72436f6c6f72, 110, NULL),
(963, 1, 0x6572726f7246656174757265436f6c6f72, 111, NULL),
(964, 1, 0x66696e64546872656164734e61765374796c65, 112, NULL),
(965, 1, 0x66697865644d657373616765, 113, NULL),
(966, 1, 0x666c6173684d657373616765, 114, NULL),
(967, 1, 0x666f6e74417765736f6d65576569676874, 115, NULL),
(968, 1, 0x666f6e7446616d696c79426f6479, 116, NULL),
(969, 1, 0x666f6e7446616d696c79436f6465, 117, NULL),
(970, 1, 0x666f6e7446616d696c795569, 118, NULL),
(971, 1, 0x666f6e7453697a654c61726765, 119, NULL),
(972, 1, 0x666f6e7453697a654c6172676572, 120, NULL),
(973, 1, 0x666f6e7453697a654c617267657374, 121, NULL),
(974, 1, 0x666f6e7453697a654e6f726d616c, 122, NULL),
(975, 1, 0x666f6e7453697a65536d616c6c, 123, NULL),
(976, 1, 0x666f6e7453697a65536d616c6c6572, 124, NULL),
(977, 1, 0x666f6e7453697a65536d616c6c657374, 125, NULL),
(978, 1, 0x666f6e745765696768744865617679, 126, NULL),
(979, 1, 0x666f6e745765696768744c69676874, 127, NULL),
(980, 1, 0x666f6e745765696768744e6f726d616c, 128, NULL),
(981, 1, 0x666f726d4578706c61696e, 129, NULL),
(982, 1, 0x666f726d48696e74, 130, NULL),
(983, 1, 0x666f726d4c6162656c, 131, NULL),
(984, 1, 0x666f726d4c6162656c5769647468, 132, NULL),
(985, 1, 0x666f726d526573706f6e73697665, 133, NULL),
(986, 1, 0x666f726d526f7750616464696e6748496e6e6572, 134, NULL),
(987, 1, 0x666f726d526f7750616464696e67484f75746572, 135, NULL),
(988, 1, 0x666f726d526f7750616464696e6756, 136, NULL),
(989, 1, 0x666f726d53656374696f6e486561646572, 137, NULL),
(990, 1, 0x666f726d5375626d6974526f77, 138, NULL),
(991, 1, 0x666f726d5375626d6974537469636b79, 139, NULL),
(992, 1, 0x676c6f62616c416374696f6e436f6c6f72, 140, NULL),
(993, 1, 0x696e6c696e654d6f64426172, 141, NULL),
(994, 1, 0x696e6c696e654d6f64486967686c69676874436f6c6f72, 142, NULL),
(995, 1, 0x696e707574, 143, NULL),
(996, 1, 0x696e7075744267436f6c6f72, 144, NULL),
(997, 1, 0x696e70757444697361626c6564, 145, NULL),
(998, 1, 0x696e707574466f637573, 146, NULL),
(999, 1, 0x696e707574466f6375734267436f6c6f72, 147, NULL),
(1000, 1, 0x696e70757454657874436f6c6f72, 148, NULL),
(1001, 1, 0x6c696e6548656967687444656661756c74, 149, NULL),
(1002, 1, 0x6c696e6b, 150, NULL),
(1003, 1, 0x6c696e6b436f6c6f72, 151, NULL),
(1004, 1, 0x6c696e6b486f766572, 152, NULL),
(1005, 1, 0x6c696e6b486f766572436f6c6f72, 153, NULL),
(1006, 1, 0x6c696e6b556763436f6c6f72, 154, NULL),
(1007, 1, 0x6c696e6b556763486f766572436f6c6f72, 155, NULL),
(1008, 1, 0x6d616a6f7248656164696e674267, 156, NULL),
(1009, 1, 0x6d616a6f7248656164696e6754657874436f6c6f72, 157, NULL),
(1010, 1, 0x6d656d626572486561646572, 158, NULL),
(1011, 1, 0x6d656d626572486561646572426c757262436f6e7461696e657242616e6e6572, 159, NULL),
(1012, 1, 0x6d656d6265724865616465724e616d65, 160, NULL),
(1013, 1, 0x6d656d6265724865616465724e616d6542616e6e6572, 161, NULL),
(1014, 1, 0x6d656d626572546f6f6c746970426c757262436f6e7461696e657242616e6e6572, 162, NULL),
(1015, 1, 0x6d656d626572546f6f6c746970486561646572, 163, NULL),
(1016, 1, 0x6d656d626572546f6f6c7469704e616d65, 164, NULL),
(1017, 1, 0x6d656d626572546f6f6c7469704e616d6542616e6e6572, 165, NULL),
(1018, 1, 0x6d656e75, 166, NULL),
(1019, 1, 0x6d656e75426f72646572526164697573, 167, NULL),
(1020, 1, 0x6d656e7546656174757265426f72646572436f6c6f72, 168, NULL),
(1021, 1, 0x6d656e75466f6f746572, 169, NULL),
(1022, 1, 0x6d656e75486561646572, 170, NULL),
(1023, 1, 0x6d656e754c696e6b526f77, 171, NULL),
(1024, 1, 0x6d656e754c696e6b526f7753656c6563746564, 172, NULL),
(1025, 1, 0x6d656e75546162486561646572, 173, NULL),
(1026, 1, 0x6d656e7554616248656164657253656c6563746564, 174, NULL),
(1027, 1, 0x6d6573736167654e6577496e64696361746f72, 175, NULL),
(1028, 1, 0x6d65737361676550616464696e67, 176, NULL),
(1029, 1, 0x6d65737361676550616464696e67536d616c6c, 177, NULL),
(1030, 1, 0x6d6573736167655369676e6174757265, 178, NULL),
(1031, 1, 0x6d65737361676553696e676c65436f6c756d6e5769647468, 179, NULL),
(1032, 1, 0x6d65737361676555736572426c6f636b, 180, NULL),
(1033, 1, 0x6d65737361676555736572426c6f636b5769647468, 181, NULL),
(1034, 1, 0x6d65737361676555736572456c656d656e7473, 182, NULL),
(1035, 1, 0x6d6574615468656d65436f6c6f72, 183, NULL),
(1036, 1, 0x6d696e6f72426c6f636b436f6e74656e74, 184, NULL),
(1037, 1, 0x6d696e6f7248656164696e6754657874436f6c6f72, 185, NULL),
(1038, 1, 0x6e6f646549636f6e52656164436f6c6f72, 186, NULL),
(1039, 1, 0x6e6f646549636f6e556e72656164436f6c6f72, 187, NULL),
(1040, 1, 0x6e6f64654c6973744465736372697074696f6e446973706c6179, 188, NULL),
(1041, 1, 0x6e6f64654c697374537562446973706c6179, 189, NULL),
(1042, 1, 0x6e6f746963655363726f6c6c496e74657276616c, 190, NULL),
(1043, 1, 0x6f7665726c6179486561646572, 191, NULL),
(1044, 1, 0x6f7665726c61794d61736b426c7572, 192, NULL),
(1045, 1, 0x6f7665726c61794d61736b436f6c6f72, 193, NULL),
(1046, 1, 0x6f7665726c6179546f704d617267696e, 194, NULL),
(1047, 1, 0x70616464696e674c61726765, 195, NULL),
(1048, 1, 0x70616464696e674c617267657374, 196, NULL),
(1049, 1, 0x70616464696e674d656469756d, 197, NULL),
(1050, 1, 0x70616464696e67536d616c6c, 198, NULL),
(1051, 1, 0x706167654261636b67726f756e64, 199, NULL),
(1052, 1, 0x706167654267, 200, NULL),
(1053, 1, 0x7061676545646765537061636572, 201, NULL),
(1054, 1, 0x706167654e617642617365, 202, NULL),
(1055, 1, 0x706167654e617643757272656e74, 203, NULL),
(1056, 1, 0x706167654e61765374796c65, 204, NULL),
(1057, 1, 0x7061676557696474684d6178, 205, NULL),
(1058, 1, 0x70616c65747465416363656e7431, 206, NULL),
(1059, 1, 0x70616c65747465416363656e7432, 207, NULL),
(1060, 1, 0x70616c65747465416363656e7433, 208, NULL),
(1061, 1, 0x70616c65747465436f6c6f7231, 209, NULL),
(1062, 1, 0x70616c65747465436f6c6f7232, 210, NULL),
(1063, 1, 0x70616c65747465436f6c6f7233, 211, NULL),
(1064, 1, 0x70616c65747465436f6c6f7234, 212, NULL),
(1065, 1, 0x70616c65747465436f6c6f7235, 213, NULL),
(1066, 1, 0x70616c657474654e65757472616c31, 214, NULL),
(1067, 1, 0x70616c657474654e65757472616c32, 215, NULL),
(1068, 1, 0x70616c657474654e65757472616c33, 216, NULL),
(1069, 1, 0x70726f66696c65506f7374436f6d6d656e74546f67676c65, 217, NULL),
(1070, 1, 0x70726f6772657373426172436f6c6f72, 218, NULL),
(1071, 1, 0x7075626c696346617669636f6e55726c, 219, NULL),
(1072, 1, 0x7075626c6963466f6f746572, 220, NULL),
(1073, 1, 0x7075626c6963466f6f7465724c696e6b, 221, NULL),
(1074, 1, 0x7075626c6963486561646572, 222, NULL),
(1075, 1, 0x7075626c696348656164657241646a757374436f6c6f72, 223, NULL),
(1076, 1, 0x7075626c696349636f6e55726c, 224, NULL),
(1077, 1, 0x7075626c696349636f6e55726c4c61726765, 225, NULL),
(1078, 1, 0x7075626c696349636f6e734d61736b61626c65, 226, NULL),
(1081, 1, 0x7075626c69634c6f676f55726c3278, 229, NULL),
(1083, 1, 0x7075626c69634d657461646174614c6f676f55726c, 231, NULL),
(1084, 1, 0x7075626c69634e6176, 232, NULL),
(1085, 1, 0x7075626c69634e6176436f6c6c617073655769647468, 233, NULL),
(1086, 1, 0x7075626c69634e617650616464696e6748, 234, NULL),
(1087, 1, 0x7075626c69634e617650616464696e6756, 235, NULL),
(1088, 1, 0x7075626c69634e617653656c6563746564, 236, NULL),
(1089, 1, 0x7075626c69634e6176537469636b79, 237, NULL),
(1090, 1, 0x7075626c69634e6176546162, 238, NULL),
(1091, 1, 0x7075626c69634e6176546162486f766572, 239, NULL),
(1092, 1, 0x7075626c69634e61765461624d656e754f70656e, 240, NULL),
(1093, 1, 0x7075626c696350757368426164676555726c, 241, NULL),
(1094, 1, 0x7075626c6963507761496e7374616c6c566964656f55726c, 242, NULL),
(1095, 1, 0x7075626c69635374616666426172, 243, NULL),
(1096, 1, 0x7075626c69635375624e6176, 244, NULL),
(1097, 1, 0x7075626c69635375624e6176456c486f766572, 245, NULL),
(1098, 1, 0x7075626c69635375624e6176456c4d656e754f70656e, 246, NULL),
(1099, 1, 0x7075626c69635375624e617650616464696e6748, 247, NULL),
(1100, 1, 0x7075626c69635375624e617650616464696e6756, 248, NULL),
(1101, 1, 0x7265616374696f6e53756d6d6172794f6e4c69737473, 249, NULL),
(1102, 1, 0x726573706f6e736976654564676553706163657252656d6f76616c, 250, NULL),
(1103, 1, 0x726573706f6e736976654d656469756d, 251, NULL),
(1104, 1, 0x726573706f6e736976654e6172726f77, 252, NULL),
(1105, 1, 0x726573706f6e7369766557696465, 253, NULL),
(1106, 1, 0x7363726f6c6c4a756d70427574746f6e73, 254, NULL),
(1107, 1, 0x73656c65637465644974656d4267436f6c6f72, 255, NULL),
(1108, 1, 0x73656c65637465644974656d426f72646572436f6c6f72, 256, NULL),
(1109, 1, 0x73656c65637465644974656d436f6c6f72, 257, NULL),
(1110, 1, 0x73696465626172537061636572, 258, NULL),
(1111, 1, 0x736964656261725769647468, 259, NULL),
(1112, 1, 0x7374616e64616c6f6e65546162, 260, NULL),
(1113, 1, 0x7374616e64616c6f6e6554616253656c6563746564, 261, NULL),
(1114, 1, 0x73746172456d707479436f6c6f72, 262, NULL),
(1115, 1, 0x7374617246756c6c436f6c6f72, 263, NULL),
(1116, 1, 0x7374796c6554797065, 264, NULL),
(1117, 1, 0x7375624e61764267, 265, NULL),
(1118, 1, 0x7375624e617654657874436f6c6f72, 266, NULL),
(1119, 1, 0x737563636573734267, 267, NULL),
(1120, 1, 0x73756363657373436f6c6f72, 268, NULL),
(1121, 1, 0x7375636365737346656174757265436f6c6f72, 269, NULL),
(1122, 1, 0x74657874436f6c6f72, 270, NULL),
(1123, 1, 0x74657874436f6c6f72416363656e74436f6e74656e74, 271, NULL),
(1124, 1, 0x74657874436f6c6f72417474656e74696f6e, 272, NULL),
(1125, 1, 0x74657874436f6c6f7244696d6d6564, 273, NULL),
(1126, 1, 0x74657874436f6c6f72456d70686173697a6564, 274, NULL),
(1127, 1, 0x74657874436f6c6f7246656174757265, 275, NULL),
(1128, 1, 0x74657874436f6c6f724d75746564, 276, NULL),
(1129, 1, 0x746f6f6c746970, 277, NULL),
(1130, 1, 0x766f74654e65676174697665436f6c6f72, 278, NULL),
(1131, 1, 0x766f7465506f736974697665436f6c6f72, 279, NULL),
(1132, 1, 0x7761726e696e674267, 280, NULL),
(1133, 1, 0x7761726e696e67436f6c6f72, 281, NULL),
(1134, 1, 0x7761726e696e6746656174757265436f6c6f72, 282, NULL),
(1135, 1, 0x77686174734e65774e61765374796c65, 283, NULL),
(1136, 1, 0x7a496e6465784d756c7469706c696572, 284, NULL),
(1137, 0, 0x7075626c69634c6f676f55726c, 228, NULL),
(1138, 1, 0x7075626c69634c6f676f55726c, 285, 228),
(1139, 0, 0x7075626c69634c6f676f5769647468, 230, NULL),
(1140, 1, 0x7075626c69634c6f676f5769647468, 286, 230),
(1141, 0, 0x7075626c69634c6f676f486569676874, 227, NULL),
(1142, 1, 0x7075626c69634c6f676f486569676874, 287, 227);

-- --------------------------------------------------------

--
-- Table structure for table `xf_tag`
--

CREATE TABLE `xf_tag` (
  `tag_id` int(10) UNSIGNED NOT NULL,
  `tag` varchar(100) NOT NULL,
  `tag_url` varchar(100) NOT NULL,
  `use_count` int(10) UNSIGNED NOT NULL DEFAULT 0,
  `last_use_date` int(10) UNSIGNED NOT NULL DEFAULT 0,
  `permanent` tinyint(3) UNSIGNED NOT NULL DEFAULT 0
) ENGINE=InnoDB DEFAULT CHARSET=utf8mb4 COLLATE=utf8mb4_general_ci;

--
-- Dumping data for table `xf_tag`
--

INSERT INTO `xf_tag` (`tag_id`, `tag`, `tag_url`, `use_count`, `last_use_date`, `permanent`) VALUES
(1, 'wwe', 'wwe', 1, 1733374344, 0),
(2, 'becky lynch', 'becky-lynch', 1, 1733374344, 0),
(3, 'netlfix', 'netlfix', 1, 1733374344, 0),
(4, 'childhood', 'childhood', 1, 1733835660, 0),
(5, 'general', 'general', 1, 1733835660, 0),
(6, 'memory', 'memory', 1, 1733835660, 0),
(7, 'bare-knuckle', 'bare-knuckle', 1, 1736135346, 0),
(8, 'bare-knuckle-boxing', 'bare-knuckle-boxing', 1, 1736135346, 0),
(9, 'boxing', 'boxing', 2, 1739964085, 0),
(10, 'bare-knuckle-boxers', 'bare-knuckle-boxers', 1, 1736135346, 0),
(11, 'bare-knuckle-boxer', 'bare-knuckle-boxer', 1, 1736135346, 0),
(12, 'manny-pacquiao', 'manny-pacquiao', 1, 1736136396, 0),
(13, 'filipino-boxer', 'filipino-boxer', 1, 1736136396, 0),
(14, 'boxer', 'boxer', 1, 1736136396, 0),
(15, 'pacquiao', 'pacquiao', 1, 1736136396, 0),
(16, 'medal', 'medal', 1, 1736482054, 0),
(17, 'sports', 'sports', 3, 1740609196, 0),
(18, 'sports-medal', 'sports-medal', 1, 1736482054, 0),
(19, 'mma', 'mma', 2, 1740748291, 0),
(20, 'victory', 'victory', 1, 1737180347, 0),
(21, 'motm', 'motm', 1, 1737180347, 0),
(22, 'poll', 'poll', 1, 1737180347, 0),
(23, 'community', 'community', 4, 1745683700, 0),
(24, 'manager', 'manager', 1, 1737638800, 0),
(25, 'christmas event', 'christmas-event', 1, 1738274034, 0),
(26, 'ebooks', 'ebooks', 2, 1742506568, 0),
(27, 'hof', 'hof', 1, 1739062490, 0),
(28, 'announcement', 'announcement', 3, 1745683700, 0),
(29, 'history', 'history', 1, 1739062490, 0),
(30, 'cricket', 'cricket', 1, 1739962790, 0),
(31, 'indian-premier-league', 'indian-premier-league', 1, 1739962790, 0),
(32, 'ipl', 'ipl', 1, 1739962790, 0),
(33, 'international-sports', 'international-sports', 1, 1739962790, 0),
(34, 'heavyweight-boxing', 'heavyweight-boxing', 1, 1739964085, 0),
(35, 'muhammad-ali', 'muhammad-ali', 1, 1739964085, 0),
(36, 'frazier', 'frazier', 1, 1739964085, 0),
(37, 'mascot', 'mascot', 1, 1739965745, 0),
(38, 'mascot-in-sports', 'mascot-in-sports', 1, 1739965745, 0),
(39, 'sport', 'sport', 1, 1739965745, 0),
(40, 'sports-mascots', 'sports-mascots', 1, 1739965745, 0),
(41, 'sports-mascot', 'sports-mascot', 1, 1739965745, 0),
(42, 'post-match-interviews', 'post-match-interviews', 1, 1739966109, 0),
(43, 'controversial-post-match-interviews', 'controversial-post-match-interviews', 1, 1739966109, 0),
(44, 'post-match-interview', 'post-match-interview', 1, 1739966109, 0),
(45, 'prefixes', 'prefixes', 1, 1740609196, 0),
(46, 'leagues', 'leagues', 1, 1740609196, 0),
(47, 'forums', 'forums', 1, 1740609196, 0),
(48, 'nfl 2024', 'nfl-2024', 1, 1740683007, 0),
(49, 'nfl season 2025', 'nfl-season-2025', 1, 1740683007, 0),
(50, 'super bowl lix', 'super-bowl-lix', 1, 1740683007, 0),
(51, 'mvp race', 'mvp-race', 1, 1740683007, 0),
(52, 'fantasy football', 'fantasy-football', 1, 1740683007, 0),
(53, 'nfl playoffs', 'nfl-playoffs', 1, 1740683007, 0),
(54, 'rookie watch', 'rookie-watch', 1, 1740683007, 0),
(55, 'peterose', 'peterose', 2, 1740950130, 0),
(56, 'mlb', 'mlb', 2, 1740950130, 0),
(57, 'hall of fame', 'hall-of-fame', 2, 1740950130, 0),
(58, 'banned', 'banned', 2, 1740950130, 0),
(59, 'forum', 'forum', 1, 1745683700, 0);

-- --------------------------------------------------------

--
-- Table structure for table `xf_tag_content`
--

CREATE TABLE `xf_tag_content` (
  `tag_content_id` int(10) UNSIGNED NOT NULL,
  `content_type` varbinary(25) NOT NULL,
  `content_id` int(10) UNSIGNED NOT NULL,
  `tag_id` int(10) UNSIGNED NOT NULL,
  `add_user_id` int(10) UNSIGNED NOT NULL,
  `add_date` int(10) UNSIGNED NOT NULL,
  `visible` tinyint(3) UNSIGNED NOT NULL,
  `content_date` int(10) UNSIGNED NOT NULL
) ENGINE=InnoDB DEFAULT CHARSET=utf8mb4 COLLATE=utf8mb4_general_ci;

--
-- Dumping data for table `xf_tag_content`
--

INSERT INTO `xf_tag_content` (`tag_content_id`, `content_type`, `content_id`, `tag_id`, `add_user_id`, `add_date`, `visible`, `content_date`) VALUES
(1, 0x746872656164, 1764, 1, 124, 1733374344, 1, 1733374344),
(2, 0x746872656164, 1764, 2, 124, 1733374344, 1, 1733374344),
(3, 0x746872656164, 1764, 3, 124, 1733374344, 1, 1733374344),
(4, 0x746872656164, 1886, 4, 54, 1733835660, 1, 1733835660),
(5, 0x746872656164, 1886, 5, 54, 1733835660, 1, 1733835660),
(6, 0x746872656164, 1886, 6, 54, 1733835660, 1, 1733835660),
(7, 0x746872656164, 2744, 7, 117, 1736135346, 1, 1736135346),
(8, 0x746872656164, 2744, 8, 117, 1736135346, 1, 1736135346),
(9, 0x746872656164, 2744, 9, 117, 1736135346, 1, 1736135346),
(10, 0x746872656164, 2744, 10, 117, 1736135346, 1, 1736135346),
(11, 0x746872656164, 2744, 11, 117, 1736135346, 1, 1736135346),
(12, 0x746872656164, 2745, 12, 117, 1736136396, 1, 1736136396),
(13, 0x746872656164, 2745, 13, 117, 1736136396, 1, 1736136396),
(14, 0x746872656164, 2745, 14, 117, 1736136396, 1, 1736136396),
(15, 0x746872656164, 2745, 15, 117, 1736136396, 1, 1736136396),
(16, 0x746872656164, 2881, 16, 117, 1736482054, 1, 1736482054),
(17, 0x746872656164, 2881, 17, 117, 1736482054, 1, 1736482054),
(18, 0x746872656164, 2881, 18, 117, 1736482054, 1, 1736482054),
(19, 0x746872656164, 2917, 19, 385, 1736665422, 1, 1736665422),
(20, 0x746872656164, 3023, 20, 162, 1737180347, 1, 1737180347),
(21, 0x746872656164, 3023, 21, 162, 1737180347, 1, 1737180347),
(22, 0x746872656164, 3023, 22, 162, 1737180347, 1, 1737180347),
(23, 0x746872656164, 3148, 23, 116, 1737638800, 1, 1737638800),
(24, 0x746872656164, 3148, 24, 116, 1737638800, 1, 1737638800),
(25, 0x746872656164, 3454, 25, 162, 1738274034, 1, 1738274034),
(26, 0x746872656164, 3454, 23, 162, 1738274034, 1, 1738274034),
(27, 0x746872656164, 3454, 26, 162, 1738274034, 1, 1738274034),
(28, 0x746872656164, 3896, 27, 162, 1739062490, 1, 1739062490),
(29, 0x746872656164, 3896, 28, 162, 1739062490, 1, 1739062490),
(30, 0x746872656164, 3896, 29, 162, 1739062490, 1, 1739062490),
(31, 0x746872656164, 4070, 30, 117, 1739962790, 1, 1739962791),
(32, 0x746872656164, 4070, 31, 117, 1739962790, 1, 1739962791),
(33, 0x746872656164, 4070, 32, 117, 1739962790, 1, 1739962791),
(34, 0x746872656164, 4070, 33, 117, 1739962790, 1, 1739962791),
(35, 0x746872656164, 4071, 9, 117, 1739964085, 1, 1739964085),
(36, 0x746872656164, 4071, 34, 117, 1739964085, 1, 1739964085),
(37, 0x746872656164, 4071, 35, 117, 1739964085, 1, 1739964085),
(38, 0x746872656164, 4071, 36, 117, 1739964085, 1, 1739964085),
(39, 0x746872656164, 4072, 17, 117, 1739965745, 1, 1739965745),
(40, 0x746872656164, 4072, 37, 117, 1739965745, 1, 1739965745),
(41, 0x746872656164, 4072, 38, 117, 1739965745, 1, 1739965745),
(42, 0x746872656164, 4072, 39, 117, 1739965745, 1, 1739965745),
(43, 0x746872656164, 4072, 40, 117, 1739965745, 1, 1739965745),
(44, 0x746872656164, 4072, 41, 117, 1739965745, 1, 1739965745),
(45, 0x746872656164, 4073, 42, 117, 1739966109, 1, 1739966109),
(46, 0x746872656164, 4073, 43, 117, 1739966109, 1, 1739966109),
(47, 0x746872656164, 4073, 44, 117, 1739966109, 1, 1739966109),
(48, 0x746872656164, 4178, 28, 162, 1740609196, 1, 1740609197),
(49, 0x746872656164, 4178, 17, 162, 1740609196, 1, 1740609197),
(50, 0x746872656164, 4178, 23, 162, 1740609196, 1, 1740609197),
(51, 0x746872656164, 4178, 45, 162, 1740609196, 1, 1740609197),
(52, 0x746872656164, 4178, 46, 162, 1740609196, 1, 1740609197),
(53, 0x746872656164, 4178, 47, 162, 1740609196, 1, 1740609197),
(54, 0x746872656164, 2497, 48, 1, 1740683007, 1, 1735184877),
(55, 0x746872656164, 2497, 49, 1, 1740683007, 1, 1735184877),
(56, 0x746872656164, 2497, 50, 1, 1740683007, 1, 1735184877),
(57, 0x746872656164, 2497, 51, 1, 1740683007, 1, 1735184877),
(58, 0x746872656164, 2497, 52, 1, 1740683007, 1, 1735184877),
(59, 0x746872656164, 2497, 53, 1, 1740683007, 1, 1735184877),
(60, 0x746872656164, 2497, 54, 1, 1740683007, 1, 1735184877),
(61, 0x746872656164, 4224, 19, 338, 1740748291, 1, 1740748291),
(62, 0x746872656164, 4299, 55, 130, 1740950127, 1, 1740950127),
(63, 0x746872656164, 4299, 56, 130, 1740950127, 1, 1740950127),
(64, 0x746872656164, 4299, 57, 130, 1740950127, 1, 1740950127),
(65, 0x746872656164, 4299, 58, 130, 1740950127, 1, 1740950127),
(66, 0x746872656164, 4300, 55, 130, 1740950130, 1, 1740950130),
(67, 0x746872656164, 4300, 56, 130, 1740950130, 1, 1740950130),
(68, 0x746872656164, 4300, 57, 130, 1740950130, 1, 1740950130),
(69, 0x746872656164, 4300, 58, 130, 1740950130, 1, 1740950130),
(70, 0x746872656164, 4617, 26, 338, 1742506568, 1, 1742506568),
(71, 0x746872656164, 7120, 59, 162, 1745683700, 1, 1745683700),
(72, 0x746872656164, 7120, 28, 162, 1745683700, 1, 1745683700),
(73, 0x746872656164, 7120, 23, 162, 1745683700, 1, 1745683700);

-- --------------------------------------------------------

--
-- Table structure for table `xf_tag_result_cache`
--

CREATE TABLE `xf_tag_result_cache` (
  `result_cache_id` int(10) UNSIGNED NOT NULL,
  `tag_id` int(10) UNSIGNED NOT NULL,
  `user_id` int(10) UNSIGNED NOT NULL,
  `cache_date` int(10) UNSIGNED NOT NULL,
  `expiry_date` int(10) UNSIGNED NOT NULL,
  `results` mediumblob NOT NULL
) ENGINE=InnoDB DEFAULT CHARSET=utf8mb4 COLLATE=utf8mb4_general_ci;

-- --------------------------------------------------------

--
-- Table structure for table `xf_template`
--

CREATE TABLE `xf_template` (
  `template_id` int(10) UNSIGNED NOT NULL,
  `type` varbinary(20) NOT NULL,
  `title` varbinary(100) NOT NULL,
  `style_id` int(10) UNSIGNED NOT NULL,
  `template` mediumtext NOT NULL COMMENT 'User-editable HTML and template syntax',
  `template_parsed` mediumblob NOT NULL,
  `addon_id` varbinary(50) NOT NULL DEFAULT '',
  `version_id` int(10) UNSIGNED NOT NULL DEFAULT 0,
  `version_string` varchar(30) NOT NULL DEFAULT '',
  `last_edit_date` int(10) UNSIGNED NOT NULL DEFAULT 0
) ENGINE=InnoDB DEFAULT CHARSET=utf8mb4 COLLATE=utf8mb4_general_ci;

--
-- Dumping data for table `xf_template`
--

INSERT INTO `xf_template` (`template_id`, `type`, `title`, `style_id`, `template`, `template_parsed`, `addon_id`, `version_id`, `version_string`, `last_edit_date`) VALUES
(1, 0x7075626c6963, 0x5f616473, 0, '<xf:macro id=\"container_content_below\">\n<xf:if is=\"!in_array($xf.reply.template, [\'error\', \'login\', \'login_password_confirm\', \'login_two_step\', \'message_page\', \'register_complete\', \'register_connected_account\', \'register_confirm\', \'register_form\'])\">\n	<xf:comment>Adsense</xf:comment>\n	<script async src=\"https://pagead2.googlesyndication.com/pagead/js/adsbygoogle.js?client=ca-pub-5781035789902986\"\n	     crossorigin=\"anonymous\"></script>\n	<ins class=\"adsbygoogle\"\n	     style=\"display:block; text-align:center;\"\n	     data-ad-layout=\"in-article\"\n	     data-ad-format=\"fluid\"\n	     data-ad-client=\"ca-pub-5781035789902986\"\n	     data-ad-slot=\"5291051281\"></ins>\n	<script>\n	     (adsbygoogle = window.adsbygoogle || []).push({});\n	</script>\n</xf:if>\n</xf:macro>\n\n<xf:macro id=\"thread_view_above_messages\" arg-thread=\"!\">\n<xf:if is=\"!in_array($xf.reply.template, [\'error\', \'login\', \'login_password_confirm\', \'login_two_step\', \'message_page\', \'register_complete\', \'register_connected_account\', \'register_confirm\', \'register_form\'])\">\n	<xf:comment>Adsense 2</xf:comment>\n	<script async src=\"https://pagead2.googlesyndication.com/pagead/js/adsbygoogle.js?client=ca-pub-5781035789902986\"\n	     crossorigin=\"anonymous\"></script>\n	<ins class=\"adsbygoogle\"\n	     style=\"display:block; text-align:center;\"\n	     data-ad-layout=\"in-article\"\n	     data-ad-format=\"fluid\"\n	     data-ad-client=\"ca-pub-5781035789902986\"\n	     data-ad-slot=\"5291051281\"></ins>\n	<script>\n	     (adsbygoogle = window.adsbygoogle || []).push({});\n	</script>\n</xf:if>\n</xf:macro>', 0x[encoded data, 6820 characters], '', 0, '', 1750504358),
(2, 0x7075626c6963, 0x5f6d656469615f736974655f656d6265645f6170706c656d75736963, 0, '<div class=\"bbMediaWrapper\" data-media-site-id=\"{$siteId}\" data-media-key=\"{$country}/{$type}/{$id}\">\n	<div class=\"bbMediaWrapper-inner bbMediaWrapper-inner--{$height}px\">\n		<iframe src=\"{$url}\"\n			loading=\"lazy\"\n			style=\"{$style}\"\n			height=\"{$height}px\"\n			frameborder=\"0\"\n			scrolling=\"{$scrolling}\"></iframe>\n	</div>\n</div>', 0x[encoded data, 4734 characters], '', 0, '', 1748686024),
(3, 0x7075626c6963, 0x5f6d656469615f736974655f656d6265645f626c7565736b79, 0, '<!-- oEmbed - template unused -->', 0x4f3a32343a2258465c54656d706c6174655c436f6d70696c65725c417374223a313a7b733a383a226368696c6472656e223b613a313a7b693a303b4f3a33313a2258465c54656d706c6174655c436f6d70696c65725c53796e7461785c537472223a323a7b733a343a226c696e65223b693a313b733a373a22636f6e74656e74223b733a33333a223c212d2d206f456d626564202d2074656d706c61746520756e75736564202d2d3e223b7d7d7d, '', 0, '', 1748686024),
(4, 0x7075626c6963, 0x5f6d656469615f736974655f656d6265645f6461696c796d6f74696f6e, 0, '<div class=\"bbMediaWrapper\" data-media-site-id=\"{$siteId}\" data-media-key=\"{$id}\">\n	<div class=\"bbMediaWrapper-inner\">\n		<iframe src=\"https://www.dailymotion.com/embed/video/{$id}?start={$start}&width=560&hideInfos=1\"\n				loading=\"lazy\"\n				width=\"560\" height=\"315\"\n				allowfullscreen\n				frameborder=\"0\"></iframe>\n	</div>\n</div>', 0x4f3a32343a2258465c54656d706c6174655c436f6d70696c65725c417374223a313a7b733a383a226368696c6472656e223b613a393a7b693a303b4f3a33313a2258465c54656d706c6174655c436f6d70696c65725c53796e7461785c537472223a323a7b733a343a226c696e65223b693a313b733a373a22636f6e74656e74223b733a34383a223c64697620636c6173733d2262624d65646961577261707065722220646174612d6d656469612d736974652d69643d22223b7d693a313b4f3a33363a2258465c54656d706c6174655c436f6d70696c65725c53796e7461785c5661726961626c65223a343a7b733a343a226c696e65223b693a313b733a343a226e616d65223b733a363a22736974654964223b733a31303a2264696d656e73696f6e73223b613a303a7b7d733a373a2266696c74657273223b613a303a7b7d7d693a323b4f3a33313a2258465c54656d706c6174655c436f6d70696c65725c53796e7461785c537472223a323a7b733a343a226c696e65223b693a313b733a373a22636f6e74656e74223b733a31383a222220646174612d6d656469612d6b65793d22223b7d693a333b4f3a33363a2258465c54656d706c6174655c436f6d70696c65725c53796e7461785c5661726961626c65223a343a7b733a343a226c696e65223b693a313b733a343a226e616d65223b733a323a226964223b733a31303a2264696d656e73696f6e73223b613a303a7b7d733a373a2266696c74657273223b613a303a7b7d7d693a343b4f3a33313a2258465c54656d706c6174655c436f6d70696c65725c53796e7461785c537472223a323a7b733a343a226c696e65223b693a313b733a373a22636f6e74656e74223b733a39343a22223e0a093c64697620636c6173733d2262624d65646961577261707065722d696e6e6572223e0a09093c696672616d65207372633d2268747470733a2f2f7777772e6461696c796d6f74696f6e2e636f6d2f656d6265642f766964656f2f223b7d693a353b4f3a33363a2258465c54656d706c6174655c436f6d70696c65725c53796e7461785c5661726961626c65223a343a7b733a343a226c696e65223b693a333b733a343a226e616d65223b733a323a226964223b733a31303a2264696d656e73696f6e73223b613a303a7b7d733a373a2266696c74657273223b613a303a7b7d7d693a363b4f3a33313a2258465c54656d706c6174655c436f6d70696c65725c53796e7461785c537472223a323a7b733a343a226c696e65223b693a333b733a373a22636f6e74656e74223b733a373a223f73746172743d223b7d693a373b4f3a33363a2258465c54656d706c6174655c436f6d70696c65725c53796e7461785c5661726961626c65223a343a7b733a343a226c696e65223b693a333b733a343a226e616d65223b733a353a227374617274223b733a31303a2264696d656e73696f6e73223b613a303a7b7d733a373a2266696c74657273223b613a303a7b7d7d693a383b4f3a33313a2258465c54656d706c6174655c436f6d70696c65725c53796e7461785c537472223a323a7b733a343a226c696e65223b693a333b733a373a22636f6e74656e74223b733a3133363a222677696474683d3536302668696465496e666f733d31220a090909096c6f6164696e673d226c617a79220a0909090977696474683d2235363022206865696768743d22333135220a09090909616c6c6f7766756c6c73637265656e0a090909096672616d65626f726465723d2230223e3c2f696672616d653e0a093c2f6469763e0a3c2f6469763e223b7d7d7d, '', 0, '', 1748686024),
(5, 0x7075626c6963, 0x5f6d656469615f736974655f656d6265645f66616365626f6f6b, 0, '<xf:page option=\"jsState.fbSdk\" value=\"{{ true }}\" />\n\n<xf:if is=\"$type == \'video\'\">\n	<xf:set var=\"$fbClass\" value=\"fb-video\" />\n	<xf:set var=\"$fbHref\" value=\"https://www.facebook.com/video.php?v={$id}\" />\n<xf:elseif is=\"$type == \'watch\'\" />\n	<xf:set var=\"$fbClass\" value=\"fb-post\" />\n	<xf:set var=\"$fbHref\" value=\"https://fb.watch/{$id}\" />	\n<xf:else />\n	<xf:set var=\"$fbClass\" value=\"fb-post\" />\n	<xf:set var=\"$fbHref\" value=\"https://www.facebook.com/{$idPlain}\" />\n</xf:if>\n\n<div class=\"bbMediaJustifier\" data-media-site-id=\"{$siteId}\" data-media-key=\"{$idSlash}\">\n	<div class=\"{$fbClass}\"\n		 data-href=\"{$fbHref}\"\n		 data-width=\"\"\n		 data-show-text=\"true\"\n		 data-show-captions=\"true\">\n		<div class=\"fb-xfbml-parse-ignore\">\n			<a href=\"{$fbHref}\" rel=\"external\" target=\"_blank\">\n				<xf:fa icon=\"fab fa-facebook\" /> {$fbHref}\n			</a>\n		</div>\n	</div>\n</div>\n\n<xf:comment>\n	// data attributes available:\n	data-autoplay=\"false\"\n	data-allowfullscreen=\"false\"\n	data-show-text=\"false\"\n	data-show-captions=\"false\"\n</xf:comment>', 0x[encoded data, 14612 characters], '', 0, '', 1748686024),
(6, 0x7075626c6963, 0x5f6d656469615f736974655f656d6265645f666c69636b72, 0, '<!-- oEmbed - template unused -->', 0x4f3a32343a2258465c54656d706c6174655c436f6d70696c65725c417374223a313a7b733a383a226368696c6472656e223b613a313a7b693a303b4f3a33313a2258465c54656d706c6174655c436f6d70696c65725c53796e7461785c537472223a323a7b733a343a226c696e65223b693a313b733a373a22636f6e74656e74223b733a33333a223c212d2d206f456d626564202d2074656d706c61746520756e75736564202d2d3e223b7d7d7d, '', 0, '', 1748686024),
(7, 0x7075626c6963, 0x5f6d656469615f736974655f656d6265645f6769706879, 0, '<div class=\"bbMediaWrapper\" data-media-site-id=\"{$siteId}\" data-media-key=\"{$id}\">\n	<div class=\"bbMediaWrapper-inner bbMediaWrapper-inner--4to3\">\n		<iframe src=\"https://giphy.com/embed/{$id}\"\n			loading=\"lazy\"\n			width=\"500\"\n			height=\"375\"\n			frameborder=\"0\"\n			allowfullscreen></iframe>\n	</div>\n</div>', 0x4f3a32343a2258465c54656d706c6174655c436f6d70696c65725c417374223a313a7b733a383a226368696c6472656e223b613a373a7b693a303b4f3a33313a2258465c54656d706c6174655c436f6d70696c65725c53796e7461785c537472223a323a7b733a343a226c696e65223b693a313b733a373a22636f6e74656e74223b733a34383a223c64697620636c6173733d2262624d65646961577261707065722220646174612d6d656469612d736974652d69643d22223b7d693a313b4f3a33363a2258465c54656d706c6174655c436f6d70696c65725c53796e7461785c5661726961626c65223a343a7b733a343a226c696e65223b693a313b733a343a226e616d65223b733a363a22736974654964223b733a31303a2264696d656e73696f6e73223b613a303a7b7d733a373a2266696c74657273223b613a303a7b7d7d693a323b4f3a33313a2258465c54656d706c6174655c436f6d70696c65725c53796e7461785c537472223a323a7b733a343a226c696e65223b693a313b733a373a22636f6e74656e74223b733a31383a222220646174612d6d656469612d6b65793d22223b7d693a333b4f3a33363a2258465c54656d706c6174655c436f6d70696c65725c53796e7461785c5661726961626c65223a343a7b733a343a226c696e65223b693a313b733a343a226e616d65223b733a323a226964223b733a31303a2264696d656e73696f6e73223b613a303a7b7d733a373a2266696c74657273223b613a303a7b7d7d693a343b4f3a33313a2258465c54656d706c6174655c436f6d70696c65725c53796e7461785c537472223a323a7b733a343a226c696e65223b693a313b733a373a22636f6e74656e74223b733a3130353a22223e0a093c64697620636c6173733d2262624d65646961577261707065722d696e6e65722062624d65646961577261707065722d696e6e65722d2d34746f33223e0a09093c696672616d65207372633d2268747470733a2f2f67697068792e636f6d2f656d6265642f223b7d693a353b4f3a33363a2258465c54656d706c6174655c436f6d70696c65725c53796e7461785c5661726961626c65223a343a7b733a343a226c696e65223b693a333b733a343a226e616d65223b733a323a226964223b733a31303a2264696d656e73696f6e73223b613a303a7b7d733a373a2266696c74657273223b613a303a7b7d7d693a363b4f3a33313a2258465c54656d706c6174655c436f6d70696c65725c53796e7461785c537472223a323a7b733a343a226c696e65223b693a333b733a373a22636f6e74656e74223b733a3131333a22220a0909096c6f6164696e673d226c617a79220a09090977696474683d22353030220a0909096865696768743d22333735220a0909096672616d65626f726465723d2230220a090909616c6c6f7766756c6c73637265656e3e3c2f696672616d653e0a093c2f6469763e0a3c2f6469763e223b7d7d7d, '', 0, '', 1748686024),
(8, 0x7075626c6963, 0x5f6d656469615f736974655f656d6265645f696d677572, 0, '<xf:page option=\"jsState.imgur\" value=\"{{ true }}\" />\n\n<div class=\"bbMediaWrapper\" data-media-site-id=\"{$siteId}\" data-media-key=\"{$idSlash}\">\n	<blockquote class=\"imgur-embed-pub\" lang=\"en\" data-id=\"{$idRaw}\">\n		<a href=\"https://imgur.com/{$idSlash}\" rel=\"external\" target=\"_blank\">https://imgur.com/{$idSlash}</a>\n	</blockquote>\n</div>', 0x4f3a32343a2258465c54656d706c6174655c436f6d70696c65725c417374223a313a7b733a383a226368696c6472656e223b613a31323a7b693a303b4f3a33313a2258465c54656d706c6174655c436f6d70696c65725c53796e7461785c546167223a373a7b733a343a226c696e65223b693a313b733a343a226e616d65223b733a343a2270616765223b733a31303a2261747472696275746573223b613a323a7b733a363a226f7074696f6e223b4f3a33313a2258465c54656d706c6174655c436f6d70696c65725c53796e7461785c537472223a323a7b733a343a226c696e65223b693a313b733a373a22636f6e74656e74223b733a31333a226a7353746174652e696d677572223b7d733a353a2276616c7565223b4f3a33383a2258465c54656d706c6174655c436f6d70696c65725c53796e7461785c45787072657373696f6e223a323a7b733a343a226c696e65223b693a313b733a31303a2265787072657373696f6e223b4f3a33353a2258465c54656d706c6174655c436f6d70696c65725c53796e7461785c426f6f6c65616e223a323a7b733a343a226c696e65223b693a313b733a343a22626f6f6c223b623a313b7d7d7d733a383a226368696c6472656e223b613a303a7b7d733a31313a22697353656c66436c6f7365223b623a313b733a31303a22657874656e73696f6e73223b613a303a7b7d733a353a226465707468223b693a303b7d693a313b4f3a33313a2258465c54656d706c6174655c436f6d70696c65725c53796e7461785c537472223a323a7b733a343a226c696e65223b693a313b733a373a22636f6e74656e74223b733a35303a220a0a3c64697620636c6173733d2262624d65646961577261707065722220646174612d6d656469612d736974652d69643d22223b7d693a323b4f3a33363a2258465c54656d706c6174655c436f6d70696c65725c53796e7461785c5661726961626c65223a343a7b733a343a226c696e65223b693a333b733a343a226e616d65223b733a363a22736974654964223b733a31303a2264696d656e73696f6e73223b613a303a7b7d733a373a2266696c74657273223b613a303a7b7d7d693a333b4f3a33313a2258465c54656d706c6174655c436f6d70696c65725c53796e7461785c537472223a323a7b733a343a226c696e65223b693a333b733a373a22636f6e74656e74223b733a31383a222220646174612d6d656469612d6b65793d22223b7d693a343b4f3a33363a2258465c54656d706c6174655c436f6d70696c65725c53796e7461785c5661726961626c65223a343a7b733a343a226c696e65223b693a333b733a343a226e616d65223b733a373a226964536c617368223b733a31303a2264696d656e73696f6e73223b613a303a7b7d733a373a2266696c74657273223b613a303a7b7d7d693a353b4f3a33313a2258465c54656d706c6174655c436f6d70696c65725c53796e7461785c537472223a323a7b733a343a226c696e65223b693a333b733a373a22636f6e74656e74223b733a35393a22223e0a093c626c6f636b71756f746520636c6173733d22696d6775722d656d6265642d70756222206c616e673d22656e2220646174612d69643d22223b7d693a363b4f3a33363a2258465c54656d706c6174655c436f6d70696c65725c53796e7461785c5661726961626c65223a343a7b733a343a226c696e65223b693a343b733a343a226e616d65223b733a353a226964526177223b733a31303a2264696d656e73696f6e73223b613a303a7b7d733a373a2266696c74657273223b613a303a7b7d7d693a373b4f3a33313a2258465c54656d706c6174655c436f6d70696c65725c53796e7461785c537472223a323a7b733a343a226c696e65223b693a343b733a373a22636f6e74656e74223b733a33323a22223e0a09093c6120687265663d2268747470733a2f2f696d6775722e636f6d2f223b7d693a383b4f3a33363a2258465c54656d706c6174655c436f6d70696c65725c53796e7461785c5661726961626c65223a343a7b733a343a226c696e65223b693a353b733a343a226e616d65223b733a373a226964536c617368223b733a31303a2264696d656e73696f6e73223b613a303a7b7d733a373a2266696c74657273223b613a303a7b7d7d693a393b4f3a33313a2258465c54656d706c6174655c436f6d70696c65725c53796e7461785c537472223a323a7b733a343a226c696e65223b693a353b733a373a22636f6e74656e74223b733a35313a22222072656c3d2265787465726e616c22207461726765743d225f626c616e6b223e68747470733a2f2f696d6775722e636f6d2f223b7d693a31303b4f3a33363a2258465c54656d706c6174655c436f6d70696c65725c53796e7461785c5661726961626c65223a343a7b733a343a226c696e65223b693a353b733a343a226e616d65223b733a373a226964536c617368223b733a31303a2264696d656e73696f6e73223b613a303a7b7d733a373a2266696c74657273223b613a303a7b7d7d693a31313b4f3a33313a2258465c54656d706c6174655c436f6d70696c65725c53796e7461785c537472223a323a7b733a343a226c696e65223b693a353b733a373a22636f6e74656e74223b733a32363a223c2f613e0a093c2f626c6f636b71756f74653e0a3c2f6469763e223b7d7d7d, '', 0, '', 1748686024);
INSERT INTO `xf_template` (`template_id`, `type`, `title`, `style_id`, `template`, `template_parsed`, `addon_id`, `version_id`, `version_string`, `last_edit_date`) VALUES
(9, 0x7075626c6963, 0x5f6d656469615f736974655f656d6265645f696e7374616772616d, 0, '<xf:page option=\"jsState.instagram\" value=\"{{ true }}\" />\n\n<div class=\"bbMediaJustifier\" data-media-site-id=\"{$siteId}\" data-media-key=\"{$id}\">\n	<blockquote class=\"instagram-media\" data-instgrm-captioned data-instgrm-permalink=\"https://www.instagram.com/p/{$id}/?utm_source=ig_embed&amp;utm_campaign=loading\" data-instgrm-version=\"14\" style=\" background:#FFF; border:0; border-radius:3px; box-shadow:0 0 1px 0 rgba(0,0,0,0.5),0 1px 10px 0 rgba(0,0,0,0.15); margin: 1px; max-width:540px; min-width:326px; padding:0; width:99.375%; width:-webkit-calc(100% - 2px); width:calc(100% - 2px);\"><div style=\"padding:16px;\"> <a href=\"https://www.instagram.com/p/{$id}/?utm_source=ig_embed&amp;utm_campaign=loading\" style=\" background:#FFFFFF; line-height:0; padding:0 0; text-align:center; text-decoration:none; width:100%;\" target=\"_blank\"> <div style=\" display: flex; flex-direction: row; align-items: center;\"> <div style=\"background-color: #F4F4F4; border-radius: 50%; flex-grow: 0; height: 40px; margin-right: 14px; width: 40px;\"></div> <div style=\"display: flex; flex-direction: column; flex-grow: 1; justify-content: center;\"> <div style=\" background-color: #F4F4F4; border-radius: 4px; flex-grow: 0; height: 14px; margin-bottom: 6px; width: 100px;\"></div> <div style=\" background-color: #F4F4F4; border-radius: 4px; flex-grow: 0; height: 14px; width: 60px;\"></div></div></div><div style=\"padding: 19% 0;\"></div> <div style=\"display:block; height:50px; margin:0 auto 12px; width:50px;\"><svg width=\"50px\" height=\"50px\" viewBox=\"0 0 60 60\" version=\"1.1\" xmlns=\"https://www.w3.org/2000/svg\" xmlns:xlink=\"https://www.w3.org/1999/xlink\"><g stroke=\"none\" stroke-width=\"1\" fill=\"none\" fill-rule=\"evenodd\"><g transform=\"translate(-511.000000, -20.000000)\" fill=\"#000000\"><g><path d=\"M556.869,30.41 C554.814,30.41 553.148,32.076 553.148,34.131 C553.148,36.186 554.814,37.852 556.869,37.852 C558.924,37.852 560.59,36.186 560.59,34.131 C560.59,32.076 558.924,30.41 556.869,30.41 M541,60.657 C535.114,60.657 530.342,55.887 530.342,50 C530.342,44.114 535.114,39.342 541,39.342 C546.887,39.342 551.658,44.114 551.658,50 C551.658,55.887 546.887,60.657 541,60.657 M541,33.886 C532.1,33.886 524.886,41.1 524.886,50 C524.886,58.899 532.1,66.113 541,66.113 C549.9,66.113 557.115,58.899 557.115,50 C557.115,41.1 549.9,33.886 541,33.886 M565.378,62.101 C565.244,65.022 564.756,66.606 564.346,67.663 C563.803,69.06 563.154,70.057 562.106,71.106 C561.058,72.155 560.06,72.803 558.662,73.347 C557.607,73.757 556.021,74.244 553.102,74.378 C549.944,74.521 548.997,74.552 541,74.552 C533.003,74.552 532.056,74.521 528.898,74.378 C525.979,74.244 524.393,73.757 523.338,73.347 C521.94,72.803 520.942,72.155 519.894,71.106 C518.846,70.057 518.197,69.06 517.654,67.663 C517.244,66.606 516.755,65.022 516.623,62.101 C516.479,58.943 516.448,57.996 516.448,50 C516.448,42.003 516.479,41.056 516.623,37.899 C516.755,34.978 517.244,33.391 517.654,32.338 C518.197,30.938 518.846,29.942 519.894,28.894 C520.942,27.846 521.94,27.196 523.338,26.654 C524.393,26.244 525.979,25.756 528.898,25.623 C532.057,25.479 533.004,25.448 541,25.448 C548.997,25.448 549.943,25.479 553.102,25.623 C556.021,25.756 557.607,26.244 558.662,26.654 C560.06,27.196 561.058,27.846 562.106,28.894 C563.154,29.942 563.803,30.938 564.346,32.338 C564.756,33.391 565.244,34.978 565.378,37.899 C565.522,41.056 565.552,42.003 565.552,50 C565.552,57.996 565.522,58.943 565.378,62.101 M570.82,37.631 C570.674,34.438 570.167,32.258 569.425,30.349 C568.659,28.377 567.633,26.702 565.965,25.035 C564.297,23.368 562.623,22.342 560.652,21.575 C558.743,20.834 556.562,20.326 553.369,20.18 C550.169,20.033 549.148,20 541,20 C532.853,20 531.831,20.033 528.631,20.18 C525.438,20.326 523.257,20.834 521.349,21.575 C519.376,22.342 517.703,23.368 516.035,25.035 C514.368,26.702 513.342,28.377 512.574,30.349 C511.834,32.258 511.326,34.438 511.181,37.631 C511.035,40.831 511,41.851 511,50 C511,58.147 511.035,59.17 511.181,62.369 C511.326,65.562 511.834,67.743 512.574,69.651 C513.342,71.625 514.368,73.296 516.035,74.965 C517.703,76.634 519.376,77.658 521.349,78.425 C523.257,79.167 525.438,79.673 528.631,79.82 C531.831,79.965 532.853,80.001 541,80.001 C549.148,80.001 550.169,79.965 553.369,79.82 C556.562,79.673 558.743,79.167 560.652,78.425 C562.623,77.658 564.297,76.634 565.965,74.965 C567.633,73.296 568.659,71.625 569.425,69.651 C570.167,67.743 570.674,65.562 570.82,62.369 C570.966,59.17 571,58.147 571,50 C571,41.851 570.966,40.831 570.82,37.631\"></path></g></g></g></svg></div><div style=\"padding-top: 8px;\"> <div style=\" color:#3897f0; font-family:Arial,sans-serif; font-size:14px; font-style:normal; font-weight:550; line-height:18px;\">View this content on Instagram</div></div><div style=\"padding: 12.5% 0;\"></div> <div style=\"display: flex; flex-direction: row; margin-bottom: 14px; align-items: center;\"><div> <div style=\"background-color: #F4F4F4; border-radius: 50%; height: 12.5px; width: 12.5px; transform: translateX(0px) translateY(7px);\"></div> <div style=\"background-color: #F4F4F4; height: 12.5px; transform: rotate(-45deg) translateX(3px) translateY(1px); width: 12.5px; flex-grow: 0; margin-right: 14px; margin-left: 2px;\"></div> <div style=\"background-color: #F4F4F4; border-radius: 50%; height: 12.5px; width: 12.5px; transform: translateX(9px) translateY(-18px);\"></div></div><div style=\"margin-left: 8px;\"> <div style=\" background-color: #F4F4F4; border-radius: 50%; flex-grow: 0; height: 20px; width: 20px;\"></div> <div style=\" width: 0; height: 0; border-top: 2px solid transparent; border-left: 6px solid #f4f4f4; border-bottom: 2px solid transparent; transform: translateX(16px) translateY(-4px) rotate(30deg)\"></div></div><div style=\"margin-left: auto;\"> <div style=\" width: 0px; border-top: 8px solid #F4F4F4; border-right: 8px solid transparent; transform: translateY(16px);\"></div> <div style=\" background-color: #F4F4F4; flex-grow: 0; height: 12px; width: 16px; transform: translateY(-4px);\"></div> <div style=\" width: 0; height: 0; border-top: 8px solid #F4F4F4; border-left: 8px solid transparent; transform: translateY(-4px) translateX(8px);\"></div></div></div> <div style=\"display: flex; flex-direction: column; flex-grow: 1; justify-content: center; margin-bottom: 24px;\"> <div style=\" background-color: #F4F4F4; border-radius: 4px; flex-grow: 0; height: 14px; margin-bottom: 6px; width: 224px;\"></div> <div style=\" background-color: #F4F4F4; border-radius: 4px; flex-grow: 0; height: 14px; width: 144px;\"></div></div></a><p style=\" color:#c9c8cd; font-family:Arial,sans-serif; font-size:14px; line-height:17px; margin-bottom:0; margin-top:8px; overflow:hidden; padding:8px 0 7px; text-align:center; text-overflow:ellipsis; white-space:nowrap;\"><a href=\"https://www.instagram.com/p/{$id}/?utm_source=ig_embed&amp;utm_campaign=loading\" style=\" color:#c9c8cd; font-family:Arial,sans-serif; font-size:14px; font-style:normal; font-weight:normal; line-height:17px; text-decoration:none;\" target=\"_blank\">View this content on Instagram</a></p></div></blockquote>\n</div>', 0x[encoded data, 17278 characters], '', 0, '', 1748686024),
(10, 0x7075626c6963, 0x5f6d656469615f736974655f656d6265645f70696e746572657374, 0, '<xf:page option=\"jsState.pinterest\" value=\"{{ true }}\" />\n\n<div class=\"bbMediaJustifier\" data-media-site-id=\"{$siteId}\" data-media-key=\"{$id}\">\n	<a data-pin-do=\"embedPin\"\n		data-pin-width=\"large\"\n		href=\"https://www.pinterest.com/pin/{$idDigits}/\">\n		<i class=\"fab fa-pinterest-square\" aria-hidden=\"true\"></i> https://www.pinterest.com/pin/{$idDigits}/</a>\n</div>', 0x4f3a32343a2258465c54656d706c6174655c436f6d70696c65725c417374223a313a7b733a383a226368696c6472656e223b613a31303a7b693a303b4f3a33313a2258465c54656d706c6174655c436f6d70696c65725c53796e7461785c546167223a373a7b733a343a226c696e65223b693a313b733a343a226e616d65223b733a343a2270616765223b733a31303a2261747472696275746573223b613a323a7b733a363a226f7074696f6e223b4f3a33313a2258465c54656d706c6174655c436f6d70696c65725c53796e7461785c537472223a323a7b733a343a226c696e65223b693a313b733a373a22636f6e74656e74223b733a31373a226a7353746174652e70696e746572657374223b7d733a353a2276616c7565223b4f3a33383a2258465c54656d706c6174655c436f6d70696c65725c53796e7461785c45787072657373696f6e223a323a7b733a343a226c696e65223b693a313b733a31303a2265787072657373696f6e223b4f3a33353a2258465c54656d706c6174655c436f6d70696c65725c53796e7461785c426f6f6c65616e223a323a7b733a343a226c696e65223b693a313b733a343a22626f6f6c223b623a313b7d7d7d733a383a226368696c6472656e223b613a303a7b7d733a31313a22697353656c66436c6f7365223b623a313b733a31303a22657874656e73696f6e73223b613a303a7b7d733a353a226465707468223b693a303b7d693a313b4f3a33313a2258465c54656d706c6174655c436f6d70696c65725c53796e7461785c537472223a323a7b733a343a226c696e65223b693a313b733a373a22636f6e74656e74223b733a35323a220a0a3c64697620636c6173733d2262624d656469614a75737469666965722220646174612d6d656469612d736974652d69643d22223b7d693a323b4f3a33363a2258465c54656d706c6174655c436f6d70696c65725c53796e7461785c5661726961626c65223a343a7b733a343a226c696e65223b693a333b733a343a226e616d65223b733a363a22736974654964223b733a31303a2264696d656e73696f6e73223b613a303a7b7d733a373a2266696c74657273223b613a303a7b7d7d693a333b4f3a33313a2258465c54656d706c6174655c436f6d70696c65725c53796e7461785c537472223a323a7b733a343a226c696e65223b693a333b733a373a22636f6e74656e74223b733a31383a222220646174612d6d656469612d6b65793d22223b7d693a343b4f3a33363a2258465c54656d706c6174655c436f6d70696c65725c53796e7461785c5661726961626c65223a343a7b733a343a226c696e65223b693a333b733a343a226e616d65223b733a323a226964223b733a31303a2264696d656e73696f6e73223b613a303a7b7d733a373a2266696c74657273223b613a303a7b7d7d693a353b4f3a33313a2258465c54656d706c6174655c436f6d70696c65725c53796e7461785c537472223a323a7b733a343a226c696e65223b693a333b733a373a22636f6e74656e74223b733a39333a22223e0a093c6120646174612d70696e2d646f3d22656d62656450696e220a0909646174612d70696e2d77696474683d226c61726765220a0909687265663d2268747470733a2f2f7777772e70696e7465726573742e636f6d2f70696e2f223b7d693a363b4f3a33363a2258465c54656d706c6174655c436f6d70696c65725c53796e7461785c5661726961626c65223a343a7b733a343a226c696e65223b693a363b733a343a226e616d65223b733a383a226964446967697473223b733a31303a2264696d656e73696f6e73223b613a303a7b7d733a373a2266696c74657273223b613a303a7b7d7d693a373b4f3a33313a2258465c54656d706c6174655c436f6d70696c65725c53796e7461785c537472223a323a7b733a343a226c696e65223b693a363b733a373a22636f6e74656e74223b733a39353a222f223e0a09093c6920636c6173733d226661622066612d70696e7465726573742d7371756172652220617269612d68696464656e3d2274727565223e3c2f693e2068747470733a2f2f7777772e70696e7465726573742e636f6d2f70696e2f223b7d693a383b4f3a33363a2258465c54656d706c6174655c436f6d70696c65725c53796e7461785c5661726961626c65223a343a7b733a343a226c696e65223b693a373b733a343a226e616d65223b733a383a226964446967697473223b733a31303a2264696d656e73696f6e73223b613a303a7b7d733a373a2266696c74657273223b613a303a7b7d7d693a393b4f3a33313a2258465c54656d706c6174655c436f6d70696c65725c53796e7461785c537472223a323a7b733a343a226c696e65223b693a373b733a373a22636f6e74656e74223b733a31323a222f3c2f613e0a3c2f6469763e223b7d7d7d, '', 0, '', 1748686024),
(11, 0x7075626c6963, 0x5f6d656469615f736974655f656d6265645f726564646974, 0, '<!-- oEmbed - template unused -->', 0x4f3a32343a2258465c54656d706c6174655c436f6d70696c65725c417374223a313a7b733a383a226368696c6472656e223b613a313a7b693a303b4f3a33313a2258465c54656d706c6174655c436f6d70696c65725c53796e7461785c537472223a323a7b733a343a226c696e65223b693a313b733a373a22636f6e74656e74223b733a33333a223c212d2d206f456d626564202d2074656d706c61746520756e75736564202d2d3e223b7d7d7d, '', 0, '', 1748686024),
(12, 0x7075626c6963, 0x5f6d656469615f736974655f656d6265645f736f756e64636c6f7564, 0, '<!-- oEmbed - template usused -->', 0x4f3a32343a2258465c54656d706c6174655c436f6d70696c65725c417374223a313a7b733a383a226368696c6472656e223b613a313a7b693a303b4f3a33313a2258465c54656d706c6174655c436f6d70696c65725c53796e7461785c537472223a323a7b733a343a226c696e65223b693a313b733a373a22636f6e74656e74223b733a33333a223c212d2d206f456d626564202d2074656d706c61746520757375736564202d2d3e223b7d7d7d, '', 0, '', 1748686024),
(13, 0x7075626c6963, 0x5f6d656469615f736974655f656d6265645f73706f74696679, 0, '<div class=\"bbMediaWrapper\" data-media-site-id=\"{$siteId}\" data-media-key=\"{$id}\">\n	<div class=\"bbMediaWrapper-inner bbMediaWrapper-inner--232px\">\n		<iframe src=\"https://open.spotify.com/embed?uri=spotify:{$id}&theme={{ property(\'styleType\') == \'light\' ? \'white\' : \'black\' }}\"\n				loading=\"lazy\"\n				width=\"500\" height=\"232\"\n				frameborder=\"0\" allowtransparency=\"false\"></iframe>\n	</div>\n</div>', 0x[encoded data, 4356 characters], '', 0, '', 1748686024),
(14, 0x7075626c6963, 0x5f6d656469615f736974655f656d6265645f74696b746f6b, 0, '<!-- oEmbed - template unused -->', 0x4f3a32343a2258465c54656d706c6174655c436f6d70696c65725c417374223a313a7b733a383a226368696c6472656e223b613a313a7b693a303b4f3a33313a2258465c54656d706c6174655c436f6d70696c65725c53796e7461785c537472223a323a7b733a343a226c696e65223b693a313b733a373a22636f6e74656e74223b733a33333a223c212d2d206f456d626564202d2074656d706c61746520756e75736564202d2d3e223b7d7d7d, '', 0, '', 1748686024),
(15, 0x7075626c6963, 0x5f6d656469615f736974655f656d6265645f74756d626c72, 0, '<!-- oEmbed - template unused -->', 0x4f3a32343a2258465c54656d706c6174655c436f6d70696c65725c417374223a313a7b733a383a226368696c6472656e223b613a313a7b693a303b4f3a33313a2258465c54656d706c6174655c436f6d70696c65725c53796e7461785c537472223a323a7b733a343a226c696e65223b693a313b733a373a22636f6e74656e74223b733a33333a223c212d2d206f456d626564202d2074656d706c61746520756e75736564202d2d3e223b7d7d7d, '', 0, '', 1748686024),
(16, 0x7075626c6963, 0x5f6d656469615f736974655f656d6265645f747769746368, 0, '<div class=\"bbMediaWrapper\" data-media-site-id=\"{$siteId}\" data-media-key=\"{$id}\">\n	<div class=\"bbMediaWrapper-inner\">\n		<iframe src=\"{$url}\"\n			loading=\"lazy\"\n			width=\"560\" height=\"315\"\n			frameborder=\"0\" allowfullscreen=\"true\"\n			scrolling=\"no\"></iframe>\n	</div>\n</div>', 0x4f3a32343a2258465c54656d706c6174655c436f6d70696c65725c417374223a313a7b733a383a226368696c6472656e223b613a373a7b693a303b4f3a33313a2258465c54656d706c6174655c436f6d70696c65725c53796e7461785c537472223a323a7b733a343a226c696e65223b693a313b733a373a22636f6e74656e74223b733a34383a223c64697620636c6173733d2262624d65646961577261707065722220646174612d6d656469612d736974652d69643d22223b7d693a313b4f3a33363a2258465c54656d706c6174655c436f6d70696c65725c53796e7461785c5661726961626c65223a343a7b733a343a226c696e65223b693a313b733a343a226e616d65223b733a363a22736974654964223b733a31303a2264696d656e73696f6e73223b613a303a7b7d733a373a2266696c74657273223b613a303a7b7d7d693a323b4f3a33313a2258465c54656d706c6174655c436f6d70696c65725c53796e7461785c537472223a323a7b733a343a226c696e65223b693a313b733a373a22636f6e74656e74223b733a31383a222220646174612d6d656469612d6b65793d22223b7d693a333b4f3a33363a2258465c54656d706c6174655c436f6d70696c65725c53796e7461785c5661726961626c65223a343a7b733a343a226c696e65223b693a313b733a343a226e616d65223b733a323a226964223b733a31303a2264696d656e73696f6e73223b613a303a7b7d733a373a2266696c74657273223b613a303a7b7d7d693a343b4f3a33313a2258465c54656d706c6174655c436f6d70696c65725c53796e7461785c537472223a323a7b733a343a226c696e65223b693a313b733a373a22636f6e74656e74223b733a35343a22223e0a093c64697620636c6173733d2262624d65646961577261707065722d696e6e6572223e0a09093c696672616d65207372633d22223b7d693a353b4f3a33363a2258465c54656d706c6174655c436f6d70696c65725c53796e7461785c5661726961626c65223a343a7b733a343a226c696e65223b693a333b733a343a226e616d65223b733a333a2275726c223b733a31303a2264696d656e73696f6e73223b613a303a7b7d733a373a2266696c74657273223b613a303a7b7d7d693a363b4f3a33313a2258465c54656d706c6174655c436f6d70696c65725c53796e7461785c537472223a323a7b733a343a226c696e65223b693a333b733a373a22636f6e74656e74223b733a3133323a22220a0909096c6f6164696e673d226c617a79220a09090977696474683d2235363022206865696768743d22333135220a0909096672616d65626f726465723d22302220616c6c6f7766756c6c73637265656e3d2274727565220a0909097363726f6c6c696e673d226e6f223e3c2f696672616d653e0a093c2f6469763e0a3c2f6469763e223b7d7d7d, '', 0, '', 1748686024),
(17, 0x7075626c6963, 0x5f6d656469615f736974655f656d6265645f74776974746572, 0, '<!-- oEmbed - template unused -->', 0x4f3a32343a2258465c54656d706c6174655c436f6d70696c65725c417374223a313a7b733a383a226368696c6472656e223b613a313a7b693a303b4f3a33313a2258465c54656d706c6174655c436f6d70696c65725c53796e7461785c537472223a323a7b733a343a226c696e65223b693a313b733a373a22636f6e74656e74223b733a33333a223c212d2d206f456d626564202d2074656d706c61746520756e75736564202d2d3e223b7d7d7d, '', 0, '', 1748686024),
(18, 0x7075626c6963, 0x5f6d656469615f736974655f656d6265645f76696d656f, 0, '<div class=\"bbMediaWrapper\" data-media-site-id=\"{$siteId}\" data-media-key=\"{$id}\">\n	<div class=\"bbMediaWrapper-inner\">\n		<iframe src=\"https://player.vimeo.com/video/{$id}{{ ($key ? \"?h={$key}\" : \'\') }}{{ ($start ? \"#t={$start}s\" : \'\') }}\"\n				loading=\"lazy\"\n				width=\"560\" height=\"315\"\n				frameborder=\"0\" allowfullscreen=\"true\"></iframe>\n	</div>\n</div>', 0x[encoded data, 5426 characters], '', 0, '', 1748686024);
INSERT INTO `xf_template` (`template_id`, `type`, `title`, `style_id`, `template`, `template_parsed`, `addon_id`, `version_id`, `version_string`, `last_edit_date`) VALUES
(19, 0x7075626c6963, 0x5f6d656469615f736974655f656d6265645f796f7574756265, 0, '<div class=\"bbMediaWrapper\" data-media-site-id=\"{$siteId}\" data-media-key=\"{$id}\">\n	<div class=\"bbMediaWrapper-inner\">\n		<iframe src=\"https://www.youtube.com/embed/{$id}?wmode=opaque{{ $start ? \'&start=\' . $start : \'\' }}{{ $list ? \'&list=\' . $list : \'\' }}\"\n				loading=\"lazy\"\n				width=\"560\" height=\"315\"\n				frameborder=\"0\" allowfullscreen=\"true\"></iframe>\n	</div>\n</div>', 0x[encoded data, 6146 characters], '', 0, '', 1748686024),
(20, 0x61646d696e, 0x4c4f47494e5f434f4e5441494e4552, 0, '<!DOCTYPE html>\n<html id=\"XF\" lang=\"{$xf.language.language_code}\" dir=\"{$xf.language.text_direction}\"\n	class=\"has-no-js p-adminLogin {{ $template ? \'template-\' . $template : \'\' }}\" data-template=\"{$template}\"\n	data-app=\"admin\"\n	data-cookie-prefix=\"{$xf.cookie.prefix}\"\n	{{ $xf.runJobs ? \' data-run-jobs=\"\"\' : \'\' }}>\n<head>\n	<meta charset=\"utf-8\" />\n	<meta name=\"robots\" content=\"noindex\" />\n	<meta http-equiv=\"X-UA-Compatible\" content=\"IE=Edge\" />\n	<meta name=\"viewport\" content=\"width=device-width, initial-scale=1\">\n\n	<title>{{ phrase(\'admin_login\') }} | {$xf.options.boardTitle}</title>\n	<xf:foreach loop=\"$head\" value=\"$head\">\n		{$head}\n	</xf:foreach>\n\n	<xf:macro id=\"admin:helper_js_global::head\" arg-app=\"admin\" />\n</head>\n<body>\n\n<div class=\"adminLogin-wrapper\">\n	<div class=\"adminLogin-content {{ $loginWide ? \'adminLogin-content--wide\' : \'\' }}\">\n		{$content|raw}\n		<xf:if contentcheck=\"true\">\n			<div class=\"adminLogin-debug\">\n				<xf:contentcheck>\n					<xf:macro id=\"public:debug_macros::debug\"\n						arg-controller=\"{$controller}\"\n						arg-action=\"{$actionMethod}\"\n						arg-template=\"{$template}\" />\n				</xf:contentcheck>\n			</div>\n		</xf:if>\n	</div>\n</div>\n\n<xf:macro id=\"admin:helper_js_global::body\" arg-jsState=\"{$jsState}\" />\n\n</body>\n</html>', 0x[encoded data, 18504 characters], 0x5846, 2030010, '2.3.0 Alpha', 1748686057);
INSERT INTO `xf_template` (`template_id`, `type`, `title`, `style_id`, `template`, `template_parsed`, `addon_id`, `version_id`, `version_string`, `last_edit_date`) VALUES
(21, 0x61646d696e, 0x504147455f434f4e5441494e4552, 0, '<!DOCTYPE html>\n<html id=\"XF\" lang=\"{$xf.language.language_code}\" dir=\"{$xf.language.text_direction}\"\n	class=\"has-no-js {{ $template ? \'template-\' . $template : \'\' }} {{ $xf.visitor.Admin.advanced ? \'acp--advanced-mode\' : \'acp--simple-mode\' }}\" data-template=\"{$template}\"\n	data-xf=\"{$xf.versionVisible}\"\n	data-app=\"admin\"\n	{{ ($xf.style.isVariationsEnabled() && $xf.visitor.Admin.admin_style_variation) ? \'data-variation=\"\' . $xf.visitor.Admin.admin_style_variation . \'\"\' : \'\' }}\n	{{ ($xf.style.isVariationsEnabled() && $xf.visitor.Admin.admin_style_variation) ? \'data-color-scheme=\"\' . property_variation(\'styleType\', $xf.visitor.Admin.admin_style_variation) . \'\"\' : \'\' }}\n	data-cookie-prefix=\"{$xf.cookie.prefix}\"\n	data-csrf=\"{{ csrf_token()|escape(\'js\') }}\"\n	{{ $xf.runJobs ? \' data-run-jobs=\"\"\' : \'\' }}>\n<head>\n\n	<meta charset=\"utf-8\" />\n	<meta http-equiv=\"X-UA-Compatible\" content=\"IE=Edge\" />\n	<meta name=\"viewport\" content=\"width=device-width, initial-scale=1, viewport-fit=cover\">\n\n	<xf:if is=\"$xf.style.isVariationsEnabled()\">\n		<xf:if is=\"$xf.visitor.Admin.admin_style_variation\">\n			<meta name=\"theme-color\" content=\"{{ parse_less_color(property_variation(\'metaThemeColor\', $xf.visitor.Admin.admin_style_variation)) }}\" />\n		<xf:else />\n			<xf:if is=\"$xf.style.hasAlternateStyleTypeVariation()\">\n				<meta name=\"theme-color\" media=\"(prefers-color-scheme: {{ $xf.style.getDefaultStyleType() }})\" content=\"{{ parse_less_color(property_variation(\'metaThemeColor\', \'default\')) }}\" />\n				<meta name=\"theme-color\" media=\"(prefers-color-scheme: {{ $xf.style.getAlternateStyleType() }})\" content=\"{{ parse_less_color(property_variation(\'metaThemeColor\', $xf.style.getAlternateStyleTypeVariation())) }}\" />\n			<xf:else />\n				<meta name=\"theme-color\" content=\"{{ parse_less_color(property_variation(\'metaThemeColor\', \'default\')) }}\" />\n			</xf:if>\n		</xf:if>\n	<xf:else />\n		<meta name=\"theme-color\" content=\"{{ parse_less_color(property_variation(\'metaThemeColor\', \'default\')) }}\" />\n	</xf:if>\n\n	<title>\n		<xf:title formatter=\"%s | {$xf.options.boardTitle} - {{ phrase(\'admin_control_panel\') }}\" fallback=\"{$xf.options.boardTitle} - {{ phrase(\'admin_control_panel\') }}\" />\n	</title>\n\n	<xf:if is=\"!$head.meta_referrer\">\n		<meta name=\"referrer\" content=\"same-origin\" />\n	</xf:if>\n\n	<xf:foreach loop=\"$head\" value=\"$headTag\">\n		{$headTag}\n	</xf:foreach>\n\n	<xf:macro id=\"admin:helper_js_global::head\" arg-app=\"admin\" />\n</head>\n<body>\n\n<!-- HEADER -->\n\n<header class=\"p-header\">\n	<div class=\"p-header-buttons p-header-buttons--main\">\n		<a class=\"p-header-button p-header-button--nav\"\n			data-xf-click=\"off-canvas\"\n			data-menu=\"#js-nav\"\n			role=\"button\"\n			tabindex=\"0\"\n			aria-label=\"{{ phrase(\'menu\')|for_attr }}\">\n			<xf:fa icon=\"fa-bars\" />\n		</a>\n		<a href=\"{{ link(\'index\') }}\" class=\"p-header-button\" aria-label=\"{{ phrase(\'home\')|for_attr }}\"><xf:fa icon=\"fa-home\" /></a>\n		<a href=\"{{ link_type(\'public\', \'index\') }}\" class=\"p-header-button p-header-button--title\" target=\"_blank\">{$xf.options.boardTitle}</a>\n	</div>\n\n	<div class=\"p-header-buttons p-header-buttons--opposite\">\n		<xf:if is=\"$xf.visitor.hasAdminPermission(\'option\')\">\n			<a class=\"p-header-button\" data-xf-key=\"{{ phrase(\'shortcut.options\')|for_attr }}\" data-xf-click=\"menu\" role=\"button\" tabindex=\"0\"\n				aria-label=\"{{ phrase(\'options\')|for_attr }}\"\n				aria-expanded=\"false\"\n				aria-haspopup=\"true\">\n				<xf:fa icon=\"fa-cogs\" />\n			</a>\n			<div class=\"menu menu--structural menu--superWide\" data-menu=\"menu\" aria-hidden=\"true\"\n				data-href=\"{{ link(\'options/menu\') }}\"\n				data-load-target=\".js-optionGroupsMenuBody\">\n				<div class=\"menu-content js-optionGroupsMenuBody\">\n					<div class=\"menu-row\">\n						{{ phrase(\'loading...\') }}\n					</div>\n				</div>\n			</div>\n		</xf:if>\n		<xf:if is=\"$xf.development\">\n			<xf:macro id=\"developer_menu\" />\n		</xf:if>\n		<a class=\"p-header-button\" data-xf-key=\"{{ phrase(\'shortcut.search_menu\')|for_attr }}\" data-xf-click=\"menu\" role=\"button\" tabindex=\"0\"\n			aria-label=\"{{ phrase(\'search\')|for_attr }}\"\n			aria-expanded=\"false\"\n			aria-haspopup=\"true\">\n			<xf:fa icon=\"fa-search\" />\n		</a>\n		<form action=\"{{ link(\'search/search\') }}\" class=\"menu menu--structural menu--veryWide\" data-xf-init=\"admin-search\" data-menu=\"menu\" aria-hidden=\"true\">\n			<div class=\"menu-content\">\n				<h3 class=\"menu-header\">{{ phrase(\'search...\') }}</h3>\n				<div class=\"menu-row\">\n					<input type=\"text\" name=\"q\" autocomplete=\"off\" class=\"input js-adminSearchInput\" data-menu-autofocus=\"\" />\n				</div>\n				<div class=\"menu-scroller p-quickSearchResultsWrapper js-adminSearchResultsWrapper\">\n					<div class=\"p-quickSearchResults js-adminSearchResults\"></div>\n				</div>\n			</div>\n		</form>\n	</div>\n</header>\n\n<!-- BODY -->\n\n<div class=\"p-body-container\">\n	<div class=\"p-body\">\n		<nav class=\"p-nav\" id=\"js-nav\" data-ocm-class=\"offCanvasMenu offCanvasMenu--adminNav\" data-ocm-builder=\"acpNav\">\n			<div data-ocm-class=\"offCanvasMenu-backdrop\" data-menu-close=\"true\"></div>\n			<div class=\"p-nav-inner\" data-xf-init=\"admin-nav\" data-ocm-class=\"offCanvasMenu-content\">\n				<div class=\"offCanvasMenu-shown offCanvasMenu-header\">\n					{{ phrase(\'menu\') }}\n					<a class=\"offCanvasMenu-closer\" data-menu-close=\"true\" role=\"button\" tabindex=\"0\" aria-label=\"{{ phrase(\'close\')|for_attr }}\"></a>\n				</div>\n				<div class=\"p-nav-content\">\n					<xf:macro id=\"navigation_list\"\n						arg-children=\"{$navigation}\"\n						arg-selectedTab=\"{$selectedNavTab}\"\n						arg-selectedLink=\"{$selectedNavLink}\" />\n				</div>\n				<div class=\"p-nav-tester js-navTester\"></div>\n			</div>\n		</nav>\n\n		<div class=\"p-main\">\n			<main class=\"p-main-inner\">\n\n				<!--XF:EXTRA_OUTPUT-->\n\n				<xf:macro id=\"public:browser_warning_macros::javascript\" />\n				<xf:macro id=\"public:browser_warning_macros::browser\" />\n\n				<xf:if is=\"$upgradeCheck\">\n					<xf:macro id=\"upgrade_check_macros::serious_errors\" arg-upgradeCheck=\"{$upgradeCheck}\" />\n				</xf:if>\n\n				<xf:if is=\"$upgradePending\">\n					<div class=\"blockMessage blockMessage--important blockMessage--iconic\">\n						<xf:include template=\"public:notice_upgrade_pending\" />\n					</div>\n				</xf:if>\n\n				<xf:if is=\"$listenersDisabled\">\n					<div class=\"blockMessage blockMessage--important blockMessage--iconic\">\n						{{ phrase(\'code_listeners_extensions_disabled_warning\') }}\n					</div>\n				</xf:if>\n\n				<xf:if is=\"$mailDisabled\">\n					<div class=\"blockMessage blockMessage--important blockMessage--iconic\">\n						{{ phrase(\'mail_has_been_disabled_warning\') }}\n					</div>\n				</xf:if>\n\n				<xf:if is=\"$breadcrumbs is not empty\">\n					<ul class=\"p-breadcrumbs\">\n						<xf:foreach loop=\"$breadcrumbs\" value=\"$breadcrumb\">\n							<li><a href=\"{$breadcrumb.href}\">{$breadcrumb.value}</a></li>\n						</xf:foreach>\n					</ul>\n				</xf:if>\n\n				<xf:if contentcheck=\"true\">\n					<div class=\"p-main-header\">\n					<xf:contentcheck>\n						<xf:if contentcheck=\"true\">\n							<div class=\"p-title {{ $noH1 ? \'p-title--noH1\' : \'\' }}\">\n							<xf:contentcheck>\n								<xf:if is=\"!$noH1\">\n									<h1 class=\"p-title-value\">\n										<xf:h1 fallback=\"{$xf.options.boardTitle}\" />\n									</h1>\n								</xf:if>\n								<xf:if contentcheck=\"true\">\n									<div class=\"p-title-pageAction\"><xf:contentcheck><xf:pageaction /></xf:contentcheck></div>\n								</xf:if>\n							</xf:contentcheck>\n							</div>\n						</xf:if>\n\n						<xf:if contentcheck=\"true\">\n							<div class=\"p-description\"><xf:contentcheck><xf:description /></xf:contentcheck></div>\n						</xf:if>\n					</xf:contentcheck>\n					</div>\n				</xf:if>\n\n				<div class=\"p-content\" id=\"content\">\n					{$content|raw}\n				</div>\n			</main>\n		</div>\n	</div>\n</div>\n\n<footer class=\"p-footer\">\n	<div class=\"p-footer-row\">\n		<div class=\"p-footer-row-main\">\n			<a href=\"{{ link(\'login/logout\', null, {\'t\': csrf_token()}) }}\">{{ phrase(\'log_out\') }}</a>\n		</div>\n\n		<div class=\"p-footer-row-opposite\">\n			<span class=\"p-footer-copyright\">\n				<xf:copyright /> {{ phrase(\'extra_copyright\') }}\n			</span>\n			<span class=\"p-footer-version\">v{$xf.version}</span>\n\n			<a href=\"{{ link(\'account/style-variation\') }}\" rel=\"nofollow\"\n				class=\"js-styleVariationsLink\"\n				data-xf-init=\"tooltip\" title=\"{{ phrase(\'style_variation\') }}\"\n				data-xf-click=\"menu\" role=\"button\" aria-expanded=\"false\" aria-haspopup=\"true\">\n\n				<xf:fa icon=\"{{ $xf.style.getVariationIcon($xf.visitor.Admin.admin_style_variation) }}\" title=\"{{ phrase(\'style_variation\') }}\" />\n			</a>\n			<div class=\"menu\" data-menu=\"menu\" aria-hidden=\"true\">\n				<div class=\"menu-content js-styleVariationsMenu\">\n					<xf:macro name=\"public:style_variation_macros::variation_menu\"\n						arg-style=\"{$xf.style}\"\n						arg-routeType=\"admin\"\n						arg-route=\"account/style-variation\"\n						arg-selectedVariation=\"{$xf.visitor.Admin.admin_style_variation}\"\n						arg-live=\"{{ true }}\" />\n				</div>\n			</div>\n\n			<xf:if is=\"$xf.visitor.canChangeLanguage()\">\n				<a href=\"{{ link(\'account/language\') }}\" data-xf-click=\"overlay\" data-xf-init=\"tooltip\" title=\"{{ phrase(\'language_chooser\')|for_attr }}\">\n					<xf:fa icon=\"fa-globe\" /> {$xf.language.title}\n				</a>\n			</xf:if>\n		</div>\n	</div>\n\n	<xf:if contentcheck=\"true\">\n		<div class=\"p-footer-debug\">\n		<xf:contentcheck>\n			<xf:macro id=\"public:debug_macros::debug\"\n				arg-controller=\"{$controller}\"\n				arg-action=\"{$actionMethod}\"\n				arg-template=\"{$template}\" />\n		</xf:contentcheck>\n		</div>\n	</xf:if>\n</footer>\n\n<div class=\"u-bottomFixer js-bottomFixTarget\"></div>\n\n<xf:macro id=\"admin:helper_js_global::body\" arg-jsState=\"{$jsState}\" />\n\n</body>\n</html>\n\n<xf:macro id=\"navigation_list\"\n	arg-children=\"!\"\n	arg-selectedTab=\"!\"\n	arg-selectedLink=\"!\"\n	arg-navigation=\"\"\n	arg-depth=\"1\">\n\n	<xf:if is=\"$children is not empty\">\n		<xf:if is=\"$depth == 1\">\n			<ul class=\"p-nav-listRoot\" id=\"js-navAccordion\">\n		<xf:elseif is=\"$depth == 2\" />\n			<ul class=\"p-nav-listSection {{ $navigation.navigation_id == $selectedTab ? \'is-active\' : \'\' }}\">\n		<xf:else />\n			<ul class=\"p-nav-subList p-nav-list--depth{$depth}\">\n		</xf:if>\n		<xf:foreach loop=\"$children\" value=\"$child\">\n			<xf:macro id=\"navigation_list_entry\"\n				arg-navigation=\"{$child.record}\"\n				arg-children=\"{$child.children}\"\n				arg-selectedTab=\"{$selectedTab}\"\n				arg-selectedLink=\"{$selectedLink}\"\n				arg-depth=\"{$depth}\" />\n		</xf:foreach>\n		</ul>\n	</xf:if>\n</xf:macro>\n<xf:macro id=\"navigation_list_entry\" arg-navigation=\"!\" arg-children=\"!\" arg-selectedTab=\"!\" arg-selectedLink=\"!\" arg-depth=\"1\">\n	<xf:if is=\"$depth == 1\">\n		<li class=\"p-nav-section{{ $navigation.navigation_id == $selectedTab ? \' is-active\' : \'\' }}\" data-navigation-id=\"{$navigation.navigation_id}\">\n			<div class=\"p-nav-sectionHeader\">\n				<a href=\"{{ link({$navigation.link}) }}\" class=\"p-nav-sectionLink js-navSectionToggle\">\n					<xf:fa icon=\"{{ $navigation.icon|substr(0, 3) === \'fa-\' ? \'fad \' : \'\' }}{$navigation.icon} fa-fw\" /> <span>{$navigation.title}</span>\n				</a>\n				<a class=\"p-nav-sectionToggle js-navSectionToggle\" role=\"button\" tabindex=\"0\" aria-label=\"{{ phrase(\'toggle_expanded\')|for_attr }}\"></a>\n			</div>\n	<xf:elseif is=\"$depth == 2\" />\n		<li class=\"{{ $children ? \'p-nav-subSection\' : \'p-nav-el\' }} {{ $navigation.navigation_id == $selectedLink ? \' is-active\' : \'\' }}\" data-navigation-id=\"{$navigation.navigation_id}\">\n			<xf:if is=\"$children OR !$navigation.link\">\n				<span>\n					<xf:if is=\"{$navigation.icon}\"><xf:fa icon=\"{$navigation.icon} fa-fw\" /> </xf:if>{$navigation.title}</span>\n			<xf:else />\n				<a href=\"{{ link($navigation.link) }}\">{$navigation.title}</a>\n			</xf:if>\n	<xf:else />\n		<li class=\"p-nav-el {{ $navigation.navigation_id == $selectedLink ? \' is-active\' : \'\' }}\" data-navigation-id=\"{$navigation.navigation_id}\">\n			<xf:if is=\"{$navigation.link}\">\n				<a href=\"{{ link($navigation.link) }}\">{$navigation.title}</a>\n			<xf:else />\n				<span>{$navigation.title}</span>\n			</xf:if>\n	</xf:if>\n		<xf:macro id=\"navigation_list\"\n			arg-navigation=\"{$navigation}\"\n			arg-children=\"{$children}\"\n			arg-selectedTab=\"{$selectedTab}\"\n			arg-selectedLink=\"{$selectedLink}\"\n			arg-depth=\"{{ $depth + 1 }}\" />\n	</li>\n</xf:macro>\n\n<xf:macro id=\"developer_menu\">\n	<a class=\"p-header-button\" data-xf-key=\"{{ phrase(\'shortcut.development_menu\')|for_attr }}\" data-xf-click=\"menu\" role=\"button\" tabindex=\"0\"\n		aria-label=\"{{ phrase(\'development\')|for_attr }}\"\n		aria-expanded=\"false\"\n		aria-haspopup=\"true\">\n		<xf:fa icon=\"fa-code\" />\n	</a>\n	<div class=\"menu menu--structural\" data-menu=\"menu\" aria-hidden=\"true\">\n		<div class=\"menu-content js-optionGroupsMenuBody\">\n			<h4 class=\"menu-header menu-header--small\">{{ phrase(\'public\') }}</h4>\n			<a class=\"menu-linkRow\" data-xf-click=\"overlay\" href=\"{{ link(\'templates/add\', null, {\'style_id\': 0, \'type\': \'public\'}) }}\">\n				<xf:fa icon=\"fab fa-html5\" /> {{ phrase(\'add_template\') }}</a>\n			<a class=\"menu-linkRow\" data-xf-click=\"overlay\" href=\"{{ link(\'template-modifications/add\', null, {\'type\': \'public\'}) }}\">\n				<xf:fa icon=\"fa-file-search\" /> {{ phrase(\'add_template_modification\') }}</a>\n			<a class=\"menu-linkRow\" data-xf-click=\"overlay\" href=\"{{ link(\'navigation/add\') }}\">\n				<xf:fa icon=\"fa-link\" /> {{ phrase(\'add_navigation\') }}</a>\n			<hr class=\"menu-separator menu-separator--hard\">\n\n			<h4 class=\"menu-header menu-header--small\">{{ phrase(\'admin\') }}</h4>\n			<a class=\"menu-linkRow\" data-xf-click=\"overlay\" href=\"{{ link(\'templates/add\', null, {\'style_id\': 0, \'type\': \'admin\'}) }}\">\n				<xf:fa icon=\"fab fa-html5\" /> {{ phrase(\'add_template\') }}</a>\n			<a class=\"menu-linkRow\" data-xf-click=\"overlay\" href=\"{{ link(\'template-modifications/add\', null, {\'type\': \'admin\'}) }}\">\n				<xf:fa icon=\"fa-file-search\" /> {{ phrase(\'add_template_modification\') }}</a>\n			<a class=\"menu-linkRow\" data-xf-click=\"overlay\" href=\"{{ link(\'admin-navigation/add\') }}\">\n				<xf:fa icon=\"fa-link\" /> {{ phrase(\'add_navigation\') }}</a>\n			<hr class=\"menu-separator menu-separator--hard\">\n\n			<h4 class=\"menu-header menu-header--small\">{{ phrase(\'admin_navigation.appearance\') }}</h4>\n			<a class=\"menu-linkRow\" data-xf-click=\"overlay\" href=\"{{ link(\'style-properties/add\', null, {\'style_id\': 0}) }}\">\n				<xf:fa icon=\"fab fa-css3-alt\" /> {{ phrase(\'add_property\') }}</a>\n			<a class=\"menu-linkRow\" data-xf-click=\"overlay\" href=\"{{ link(\'phrases/add\', null, {\'language_id\': 0}) }}\">\n				<xf:fa icon=\"fa-language\" /> {{ phrase(\'add_phrase\') }}</a>\n			<hr class=\"menu-separator menu-separator--hard\">\n\n			<h4 class=\"menu-header menu-header--small\">{{ phrase(\'code\') }}</h4>\n			<a class=\"menu-linkRow\" data-xf-click=\"overlay\" href=\"{{ link(\'routes/add\') }}\">\n				<xf:fa icon=\"fa-route\" /> {{ phrase(\'add_route\') }}</a>\n			<a class=\"menu-linkRow\" data-xf-click=\"overlay\" href=\"{{ link(\'content-types/add\') }}\">\n				<xf:fa icon=\"fa-puzzle-piece\" /> {{ phrase(\'add_content_type_field\') }}</a>\n			<a class=\"menu-linkRow\" data-xf-click=\"overlay\" href=\"{{ link(\'class-extensions/add\') }}\">\n				<xf:fa icon=\"fa-code-branch\" /> {{ phrase(\'add_class_extension\') }}</a>\n			<a class=\"menu-linkRow\" data-xf-click=\"overlay\" href=\"{{ link(\'code-events/listeners/add\') }}\">\n				<xf:fa icon=\"fa-headphones\" /> {{ phrase(\'add_code_event_listener\') }}</a>\n		</div>\n	</div>\n</xf:macro>', 0x[encoded data, 211644 characters], 0x5846, 2030053, '2.3.0 Release Candidate 3', 1748686057);
INSERT INTO `xf_template` (`template_id`, `type`, `title`, `style_id`, `template`, `template_parsed`, `addon_id`, `version_id`, `version_string`, `last_edit_date`) VALUES
(22, 0x61646d696e, 0x504147455f52554e5f4a4f42, 0, '<!DOCTYPE html>\n<html id=\"XF\" lang=\"{$xf.language.language_code}\" dir=\"{$xf.language.text_direction}\" class=\"has-no-js p-runJob\"\n	data-app=\"admin\"\n	{{ ($xf.style.isVariationsEnabled() && $xf.visitor.Admin.admin_style_variation) ? \'data-variation=\"\' . $xf.visitor.Admin.admin_style_variation . \'\"\' : \'\' }}\n	{{ ($xf.style.isVariationsEnabled() && $xf.visitor.Admin.admin_style_variation) ? \'data-color-scheme=\"\' . property_variation(\'styleType\', $xf.visitor.Admin.admin_style_variation) . \'\"\' : \'\' }}>\n<head>\n\n	<meta charset=\"utf-8\" />\n	<meta http-equiv=\"X-UA-Compatible\" content=\"IE=Edge\" />\n	<meta name=\"viewport\" content=\"width=device-width, initial-scale=1\">\n\n	<title>\n		<xf:title formatter=\"%s | {$xf.options.boardTitle} - {{ phrase(\'admin_control_panel\') }}\" fallback=\"{$xf.options.boardTitle} - {{ phrase(\'admin_control_panel\') }}\" />\n	</title>\n	<xf:foreach loop=\"$head\" value=\"$headTag\">\n		{$headTag}\n	</xf:foreach>\n\n	<xf:macro id=\"admin:helper_js_global::head\" arg-app=\"admin\" />\n</head>\n<body>\n\n<main class=\"p-runJobContent\">\n	<div class=\"p-main-header\">\n		<div class=\"p-title\">\n			<h1 class=\"p-title-value\">\n				<xf:h1 fallback=\"{$xf.options.boardTitle}\" />\n			</h1>\n			<xf:if contentcheck=\"true\">\n				<div class=\"p-title-pageAction\"><xf:contentcheck><xf:pageaction /></xf:contentcheck></div>\n			</xf:if>\n		</div>\n	</div>\n\n	{$content|raw}\n</main>\n\n\n<xf:if contentcheck=\"true\">\n	<div class=\"p-runJobDebug\">\n	<xf:contentcheck>\n		<xf:macro id=\"public:debug_macros::debug\"\n			arg-controller=\"{$controller}\"\n			arg-action=\"{$actionMethod}\"\n			arg-template=\"{$template}\"\n			arg-link=\"{{ false }}\" />\n	</xf:contentcheck>\n	</div>\n</xf:if>\n\n<xf:macro id=\"admin:helper_js_global::body\" arg-jsState=\"{$jsState}\" />\n\n</body>\n</html>', 0x[encoded data, 31008 characters], 0x5846, 2030032, '2.3.0 Beta 2', 1748686057),
(23, 0x61646d696e, 0x61637469766974795f73756d6d6172795f646566696e6974696f6e5f63686f6f736572, 0, '<xf:title>{{ phrase(\'choose_activity_summary_definition\') }}</xf:title>\n\n<xf:form action=\"{{ link(\'activity-summary/add\') }}\" class=\"block\" ajax=\"true\">\n	<div class=\"block-container\">\n		<div class=\"block-body\">\n			<xf:radiorow name=\"definition_id\" label=\"{{ phrase(\'activity_summary_definition\') }}\">\n				<xf:foreach loop=\"$definitions\" value=\"$definition\">\n					<xf:option value=\"{$definition.definition_id}\">\n						<xf:label>{$definition.title}</xf:label>\n						<xf:hint>{$definition.description}</xf:hint>\n					</xf:option>\n				</xf:foreach>\n			</xf:radiorow>\n		</div>\n		<xf:submitrow submit=\"{{ phrase(\'add_section\') }}\" icon=\"add\" />\n	</div>\n</xf:form>', 0x[encoded data, 10530 characters], 0x5846, 2020010, '2.2.0 Alpha', 1748686057);
